[INFO] fetching crate xterm-js-sys 4.6.0-alpha1...
[INFO] checking xterm-js-sys-4.6.0-alpha1 against master#9610dfe5a9a731ced1ea4923ecbd0c57fe367898 for beta-170-4
[INFO] extracting crate xterm-js-sys 4.6.0-alpha1 into /workspace/builds/worker-6-tc1/source
[INFO] validating manifest of crates.io crate xterm-js-sys 4.6.0-alpha1 on toolchain 9610dfe5a9a731ced1ea4923ecbd0c57fe367898
[INFO] running `Command { std: CARGO_HOME="/workspace/cargo-home" RUSTUP_HOME="/workspace/rustup-home" "/workspace/cargo-home/bin/cargo" "+9610dfe5a9a731ced1ea4923ecbd0c57fe367898" "metadata" "--manifest-path" "Cargo.toml" "--no-deps", kill_on_drop: false }`
[INFO] removed /workspace/builds/worker-6-tc1/source/.cargo/config
[INFO] started tweaking crates.io crate xterm-js-sys 4.6.0-alpha1
[INFO] finished tweaking crates.io crate xterm-js-sys 4.6.0-alpha1
[INFO] tweaked toml for crates.io crate xterm-js-sys 4.6.0-alpha1 written to /workspace/builds/worker-6-tc1/source/Cargo.toml
[INFO] running `Command { std: CARGO_HOME="/workspace/cargo-home" RUSTUP_HOME="/workspace/rustup-home" __CARGO_TEST_CHANNEL_OVERRIDE_DO_NOT_USE_THIS="nightly" "/workspace/cargo-home/bin/cargo" "+9610dfe5a9a731ced1ea4923ecbd0c57fe367898" "generate-lockfile" "--manifest-path" "Cargo.toml" "-Zno-index-update", kill_on_drop: false }`
[INFO] running `Command { std: CARGO_HOME="/workspace/cargo-home" RUSTUP_HOME="/workspace/rustup-home" "/workspace/cargo-home/bin/cargo" "+9610dfe5a9a731ced1ea4923ecbd0c57fe367898" "fetch" "--manifest-path" "Cargo.toml", kill_on_drop: false }`
[INFO] [stderr]  Downloading crates ...
[INFO] [stderr]   Downloaded wasm-bindgen-test v0.3.36
[INFO] [stderr]   Downloaded wasm-bindgen-test-macro v0.3.36
[INFO] running `Command { std: "docker" "create" "-v" "/var/lib/crater-agent-workspace/builds/worker-6-tc1/target:/opt/rustwide/target:rw,Z" "-v" "/var/lib/crater-agent-workspace/builds/worker-6-tc1/source:/opt/rustwide/workdir:ro,Z" "-v" "/var/lib/crater-agent-workspace/cargo-home:/opt/rustwide/cargo-home:ro,Z" "-v" "/var/lib/crater-agent-workspace/rustup-home:/opt/rustwide/rustup-home:ro,Z" "-e" "SOURCE_DIR=/opt/rustwide/workdir" "-e" "CARGO_TARGET_DIR=/opt/rustwide/target" "-e" "CARGO_HOME=/opt/rustwide/cargo-home" "-e" "RUSTUP_HOME=/opt/rustwide/rustup-home" "-w" "/opt/rustwide/workdir" "-m" "1610612736" "--user" "0:0" "--network" "none" "ghcr.io/rust-lang/crates-build-env/linux@sha256:19e73879b68f455e41552ea35293514db52ea292d993f571636dbffedb77a1ee" "/opt/rustwide/cargo-home/bin/cargo" "+9610dfe5a9a731ced1ea4923ecbd0c57fe367898" "metadata" "--no-deps" "--format-version=1", kill_on_drop: false }`
[INFO] [stdout] d3cda6af1fdb22d3b011bcef491eb883e14b23cb15ed098546bbe75ce330ab4d
[INFO] running `Command { std: "docker" "start" "-a" "d3cda6af1fdb22d3b011bcef491eb883e14b23cb15ed098546bbe75ce330ab4d", kill_on_drop: false }`
[INFO] running `Command { std: "docker" "inspect" "d3cda6af1fdb22d3b011bcef491eb883e14b23cb15ed098546bbe75ce330ab4d", kill_on_drop: false }`
[INFO] running `Command { std: "docker" "rm" "-f" "d3cda6af1fdb22d3b011bcef491eb883e14b23cb15ed098546bbe75ce330ab4d", kill_on_drop: false }`
[INFO] [stdout] d3cda6af1fdb22d3b011bcef491eb883e14b23cb15ed098546bbe75ce330ab4d
[INFO] running `Command { std: "docker" "create" "-v" "/var/lib/crater-agent-workspace/builds/worker-6-tc1/target:/opt/rustwide/target:rw,Z" "-v" "/var/lib/crater-agent-workspace/builds/worker-6-tc1/source:/opt/rustwide/workdir:ro,Z" "-v" "/var/lib/crater-agent-workspace/cargo-home:/opt/rustwide/cargo-home:ro,Z" "-v" "/var/lib/crater-agent-workspace/rustup-home:/opt/rustwide/rustup-home:ro,Z" "-e" "SOURCE_DIR=/opt/rustwide/workdir" "-e" "CARGO_TARGET_DIR=/opt/rustwide/target" "-e" "CARGO_INCREMENTAL=0" "-e" "RUST_BACKTRACE=full" "-e" "RUSTFLAGS=--cap-lints=forbid" "-e" "RUSTDOCFLAGS=--cap-lints=forbid" "-e" "CARGO_HOME=/opt/rustwide/cargo-home" "-e" "RUSTUP_HOME=/opt/rustwide/rustup-home" "-w" "/opt/rustwide/workdir" "-m" "1610612736" "--user" "0:0" "--network" "none" "ghcr.io/rust-lang/crates-build-env/linux@sha256:19e73879b68f455e41552ea35293514db52ea292d993f571636dbffedb77a1ee" "/opt/rustwide/cargo-home/bin/cargo" "+9610dfe5a9a731ced1ea4923ecbd0c57fe367898" "check" "--frozen" "--all" "--all-targets" "--message-format=json", kill_on_drop: false }`
[INFO] [stdout] c4fcccd9aeed3ccdad07525eae41836afeb7a7684923ffe5f35314146f8b514e
[INFO] running `Command { std: "docker" "start" "-a" "c4fcccd9aeed3ccdad07525eae41836afeb7a7684923ffe5f35314146f8b514e", kill_on_drop: false }`
[INFO] [stderr]    Compiling wasm-bindgen-shared v0.2.86
[INFO] [stderr]    Compiling once_cell v1.17.2
[INFO] [stderr]    Compiling bumpalo v3.13.0
[INFO] [stderr]    Compiling wasm-bindgen v0.2.86
[INFO] [stderr]    Compiling log v0.4.18
[INFO] [stderr]     Checking scoped-tls v1.0.1
[INFO] [stderr]    Compiling syn v2.0.18
[INFO] [stderr]    Compiling wasm-bindgen-test-macro v0.3.36
[INFO] [stderr]    Compiling wasm-bindgen-backend v0.2.86
[INFO] [stderr]    Compiling wasm-bindgen-macro-support v0.2.86
[INFO] [stderr]    Compiling wasm-bindgen-macro v0.2.86
[INFO] [stderr]     Checking js-sys v0.3.63
[INFO] [stderr]     Checking console_error_panic_hook v0.1.7
[INFO] [stderr]     Checking web-sys v0.3.63
[INFO] [stderr]     Checking wasm-bindgen-futures v0.4.36
[INFO] [stderr]     Checking wasm-bindgen-test v0.3.36
[INFO] [stderr]     Checking xterm-js-sys v4.6.0-alpha1 (/opt/rustwide/workdir)
[INFO] [stdout] error[E0453]: deny(unused) incompatible with previous forbid
[INFO] [stdout]   --> src/lib.rs:35:5
[INFO] [stdout]    |
[INFO] [stdout] 19 |     dead_code,
[INFO] [stdout]    |     --------- `forbid` level set here
[INFO] [stdout] ...
[INFO] [stdout] 35 |     unused,
[INFO] [stdout]    |     ^^^^^^ overruled by previous forbid
[INFO] [stdout] 
[INFO] [stdout] 
[INFO] [stdout] error[E0453]: deny(unused) incompatible with previous forbid
[INFO] [stdout]   --> src/lib.rs:35:5
[INFO] [stdout]    |
[INFO] [stdout] 24 |     path_statements,
[INFO] [stdout]    |     --------------- `forbid` level set here
[INFO] [stdout] ...
[INFO] [stdout] 35 |     unused,
[INFO] [stdout]    |     ^^^^^^ overruled by previous forbid
[INFO] [stdout] 
[INFO] [stdout] 
[INFO] [stdout] error[E0453]: deny(unused) incompatible with previous forbid
[INFO] [stdout]   --> src/lib.rs:35:5
[INFO] [stdout]    |
[INFO] [stdout] 28 |     unused_allocation,
[INFO] [stdout]    |     ----------------- `forbid` level set here
[INFO] [stdout] ...
[INFO] [stdout] 35 |     unused,
[INFO] [stdout]    |     ^^^^^^ overruled by previous forbid
[INFO] [stdout] 
[INFO] [stdout] 
[INFO] [stdout] error[E0453]: deny(unused) incompatible with previous forbid
[INFO] [stdout]   --> src/lib.rs:35:5
[INFO] [stdout]    |
[INFO] [stdout] 31 |     unused_parens,
[INFO] [stdout]    |     ------------- `forbid` level set here
[INFO] [stdout] ...
[INFO] [stdout] 35 |     unused,
[INFO] [stdout]    |     ^^^^^^ overruled by previous forbid
[INFO] [stdout] 
[INFO] [stdout] 
[INFO] [stdout] error[E0453]: deny(unused) incompatible with previous forbid
[INFO] [stdout]   --> src/lib.rs:35:5
[INFO] [stdout]    |
[INFO] [stdout] 19 |     dead_code,
[INFO] [stdout]    |     --------- `forbid` level set here
[INFO] [stdout] ...
[INFO] [stdout] 35 |     unused,
[INFO] [stdout]    |     ^^^^^^ overruled by previous forbid
[INFO] [stdout] 
[INFO] [stdout] 
[INFO] [stdout] error[E0453]: deny(unused) incompatible with previous forbid
[INFO] [stdout]   --> src/lib.rs:35:5
[INFO] [stdout]    |
[INFO] [stdout] 24 |     path_statements,
[INFO] [stdout]    |     --------------- `forbid` level set here
[INFO] [stdout] ...
[INFO] [stdout] 35 |     unused,
[INFO] [stdout]    |     ^^^^^^ overruled by previous forbid
[INFO] [stdout] 
[INFO] [stdout] 
[INFO] [stdout] error[E0453]: deny(unused) incompatible with previous forbid
[INFO] [stdout]   --> src/lib.rs:35:5
[INFO] [stdout]    |
[INFO] [stdout] 28 |     unused_allocation,
[INFO] [stdout]    |     ----------------- `forbid` level set here
[INFO] [stdout] ...
[INFO] [stdout] 35 |     unused,
[INFO] [stdout]    |     ^^^^^^ overruled by previous forbid
[INFO] [stdout] 
[INFO] [stdout] 
[INFO] [stdout] error[E0453]: deny(unused) incompatible with previous forbid
[INFO] [stdout]   --> src/lib.rs:35:5
[INFO] [stdout]    |
[INFO] [stdout] 31 |     unused_parens,
[INFO] [stdout]    |     ------------- `forbid` level set here
[INFO] [stdout] ...
[INFO] [stdout] 35 |     unused,
[INFO] [stdout]    |     ^^^^^^ overruled by previous forbid
[INFO] [stdout] 
[INFO] [stdout] 
[INFO] [stdout] error[E0425]: cannot find value `js` in this scope
[INFO] [stdout]    --> src/xterm.rs:436:9
[INFO] [stdout]     |
[INFO] [stdout] 436 |     pub match_index: Option<u32>,
[INFO] [stdout]     |         ^^^^^^^^^^^ not found in this scope
[INFO] [stdout] 
[INFO] [stdout] 
[INFO] [stdout] error[E0425]: cannot find value `js` in this scope
[INFO] [stdout]    --> src/xterm.rs:452:9
[INFO] [stdout]     |
[INFO] [stdout] 452 |     pub validation_callback: /*Option<*/
[INFO] [stdout]     |         ^^^^^^^^^^^^^^^^^^^ not found in this scope
[INFO] [stdout] 
[INFO] [stdout] 
[INFO] [stdout] error[E0425]: cannot find value `js` in this scope
[INFO] [stdout]    --> src/xterm.rs:475:9
[INFO] [stdout]     |
[INFO] [stdout] 475 |     pub tooltip_callback: /*Option<*/
[INFO] [stdout]     |         ^^^^^^^^^^^^^^^^ not found in this scope
[INFO] [stdout] 
[INFO] [stdout] 
[INFO] [stdout] error[E0425]: cannot find value `js` in this scope
[INFO] [stdout]    --> src/xterm.rs:493:9
[INFO] [stdout]     |
[INFO] [stdout] 493 |     pub leave_callback: /*Option<*/
[INFO] [stdout]     |         ^^^^^^^^^^^^^^ not found in this scope
[INFO] [stdout] 
[INFO] [stdout] 
[INFO] [stdout] error[E0425]: cannot find value `js` in this scope
[INFO] [stdout]    --> src/xterm.rs:502:9
[INFO] [stdout]     |
[INFO] [stdout] 502 |     pub priority: Option<i16>,
[INFO] [stdout]     |         ^^^^^^^^ not found in this scope
[INFO] [stdout] 
[INFO] [stdout] 
[INFO] [stdout] error[E0425]: cannot find value `js` in this scope
[INFO] [stdout]    --> src/xterm.rs:518:9
[INFO] [stdout]     |
[INFO] [stdout] 518 |     pub will_link_activate: /*Option<*/
[INFO] [stdout]     |         ^^^^^^^^^^^^^^^^^^ not found in this scope
[INFO] [stdout] 
[INFO] [stdout] 
[INFO] [stdout] error[E0425]: cannot find value `js` in this scope
[INFO] [stdout]    --> src/xterm.rs:626:9
[INFO] [stdout]     |
[INFO] [stdout] 626 |     pub start: ViewportRangePosition,
[INFO] [stdout]     |         ^^^^^ not found in this scope
[INFO] [stdout] 
[INFO] [stdout] 
[INFO] [stdout] error[E0425]: cannot find value `js` in this scope
[INFO] [stdout]    --> src/xterm.rs:630:9
[INFO] [stdout]     |
[INFO] [stdout] 630 |     pub end: ViewportRangePosition,
[INFO] [stdout]     |         ^^^ not found in this scope
[INFO] [stdout] 
[INFO] [stdout] 
[INFO] [stdout] error[E0425]: cannot find value `js` in this scope
[INFO] [stdout]    --> src/xterm.rs:648:9
[INFO] [stdout]     |
[INFO] [stdout] 648 |     pub x: u16,
[INFO] [stdout]     |         ^ not found in this scope
[INFO] [stdout] 
[INFO] [stdout] 
[INFO] [stdout] error[E0425]: cannot find value `js` in this scope
[INFO] [stdout]    --> src/xterm.rs:654:9
[INFO] [stdout]     |
[INFO] [stdout] 654 |     pub y: u16,
[INFO] [stdout]     |         ^ not found in this scope
[INFO] [stdout] 
[INFO] [stdout] 
[INFO] [stdout] error[E0425]: cannot find value `js` in this scope
[INFO] [stdout]    --> src/xterm.rs:694:9
[INFO] [stdout]     |
[INFO] [stdout] 694 |     pub fullscreen_win: Option<bool>,
[INFO] [stdout]     |         ^^^^^^^^^^^^^^ not found in this scope
[INFO] [stdout] 
[INFO] [stdout] 
[INFO] [stdout] error[E0425]: cannot find value `js` in this scope
[INFO] [stdout]    --> src/xterm.rs:701:9
[INFO] [stdout]     |
[INFO] [stdout] 701 |     pub get_cell_size_pixels: Option<bool>,
[INFO] [stdout]     |         ^^^^^^^^^^^^^^^^^^^^ not found in this scope
[INFO] [stdout] 
[INFO] [stdout] 
[INFO] [stdout] error[E0425]: cannot find value `js` in this scope
[INFO] [stdout]    --> src/xterm.rs:707:9
[INFO] [stdout]     |
[INFO] [stdout] 707 |     pub get_icon_title: Option<bool>,
[INFO] [stdout]     |         ^^^^^^^^^^^^^^ not found in this scope
[INFO] [stdout] 
[INFO] [stdout] 
[INFO] [stdout] error[E0425]: cannot find value `js` in this scope
[INFO] [stdout]    --> src/xterm.rs:714:9
[INFO] [stdout]     |
[INFO] [stdout] 714 |     pub get_screen_size_chars: Option<bool>,
[INFO] [stdout]     |         ^^^^^^^^^^^^^^^^^^^^^ not found in this scope
[INFO] [stdout] 
[INFO] [stdout] 
[INFO] [stdout] error[E0425]: cannot find value `js` in this scope
[INFO] [stdout]    --> src/xterm.rs:721:9
[INFO] [stdout]     |
[INFO] [stdout] 721 |     pub get_screen_size_pixels: Option<bool>,
[INFO] [stdout]     |         ^^^^^^^^^^^^^^^^^^^^^^ not found in this scope
[INFO] [stdout] 
[INFO] [stdout] 
[INFO] [stdout] error[E0425]: cannot find value `js` in this scope
[INFO] [stdout]    --> src/xterm.rs:728:9
[INFO] [stdout]     |
[INFO] [stdout] 728 |     pub get_win_position: Option<bool>,
[INFO] [stdout]     |         ^^^^^^^^^^^^^^^^ not found in this scope
[INFO] [stdout] 
[INFO] [stdout] 
[INFO] [stdout] error[E0425]: cannot find value `js` in this scope
[INFO] [stdout]    --> src/xterm.rs:735:9
[INFO] [stdout]     |
[INFO] [stdout] 735 |     pub get_win_size_chars: Option<bool>,
[INFO] [stdout]     |         ^^^^^^^^^^^^^^^^^^ not found in this scope
[INFO] [stdout] 
[INFO] [stdout] 
[INFO] [stdout] error[E0425]: cannot find value `js` in this scope
[INFO] [stdout]    --> src/xterm.rs:743:9
[INFO] [stdout]     |
[INFO] [stdout] 743 |     pub get_win_size_pixels: Option<bool>,
[INFO] [stdout]     |         ^^^^^^^^^^^^^^^^^^^ not found in this scope
[INFO] [stdout] 
[INFO] [stdout] 
[INFO] [stdout] error[E0425]: cannot find value `js` in this scope
[INFO] [stdout]    --> src/xterm.rs:751:9
[INFO] [stdout]     |
[INFO] [stdout] 751 |     pub get_win_state: Option<bool>,
[INFO] [stdout]     |         ^^^^^^^^^^^^^ not found in this scope
[INFO] [stdout] 
[INFO] [stdout] 
[INFO] [stdout] error[E0425]: cannot find value `js` in this scope
[INFO] [stdout]    --> src/xterm.rs:757:9
[INFO] [stdout]     |
[INFO] [stdout] 757 |     pub get_win_title: Option<bool>,
[INFO] [stdout]     |         ^^^^^^^^^^^^^ not found in this scope
[INFO] [stdout] 
[INFO] [stdout] 
[INFO] [stdout] error[E0425]: cannot find value `js` in this scope
[INFO] [stdout]    --> src/xterm.rs:763:9
[INFO] [stdout]     |
[INFO] [stdout] 763 |     pub lower_win: Option<bool>,
[INFO] [stdout]     |         ^^^^^^^^^ not found in this scope
[INFO] [stdout] 
[INFO] [stdout] 
[INFO] [stdout] error[E0425]: cannot find value `js` in this scope
[INFO] [stdout]    --> src/xterm.rs:771:9
[INFO] [stdout]     |
[INFO] [stdout] 771 |     pub maximize_win: Option<bool>,
[INFO] [stdout]     |         ^^^^^^^^^^^^ not found in this scope
[INFO] [stdout] 
[INFO] [stdout] 
[INFO] [stdout] error[E0425]: cannot find value `js` in this scope
[INFO] [stdout]    --> src/xterm.rs:777:9
[INFO] [stdout]     |
[INFO] [stdout] 777 |     pub minimize_win: Option<bool>,
[INFO] [stdout]     |         ^^^^^^^^^^^^ not found in this scope
[INFO] [stdout] 
[INFO] [stdout] 
[INFO] [stdout] error[E0425]: cannot find value `js` in this scope
[INFO] [stdout]    --> src/xterm.rs:785:9
[INFO] [stdout]     |
[INFO] [stdout] 785 |     pub pop_title: Option<bool>,
[INFO] [stdout]     |         ^^^^^^^^^ not found in this scope
[INFO] [stdout] 
[INFO] [stdout] 
[INFO] [stdout] error[E0425]: cannot find value `js` in this scope
[INFO] [stdout]    --> src/xterm.rs:792:9
[INFO] [stdout]     |
[INFO] [stdout] 792 |     pub push_title: Option<bool>,
[INFO] [stdout]     |         ^^^^^^^^^^ not found in this scope
[INFO] [stdout] 
[INFO] [stdout] 
[INFO] [stdout] error[E0425]: cannot find value `js` in this scope
[INFO] [stdout]    --> src/xterm.rs:798:9
[INFO] [stdout]     |
[INFO] [stdout] 798 |     pub raise_win: Option<bool>,
[INFO] [stdout]     |         ^^^^^^^^^ not found in this scope
[INFO] [stdout] 
[INFO] [stdout] 
[INFO] [stdout] error[E0425]: cannot find value `js` in this scope
[INFO] [stdout]    --> src/xterm.rs:802:9
[INFO] [stdout]     |
[INFO] [stdout] 802 |     pub refresh_win: Option<bool>,
[INFO] [stdout]     |         ^^^^^^^^^^^ not found in this scope
[INFO] [stdout] 
[INFO] [stdout] 
[INFO] [stdout] error[E0425]: cannot find value `js` in this scope
[INFO] [stdout]    --> src/xterm.rs:808:9
[INFO] [stdout]     |
[INFO] [stdout] 808 |     pub restore_win: Option<bool>,
[INFO] [stdout]     |         ^^^^^^^^^^^ not found in this scope
[INFO] [stdout] 
[INFO] [stdout] 
[INFO] [stdout] error[E0425]: cannot find value `js` in this scope
[INFO] [stdout]    --> src/xterm.rs:814:9
[INFO] [stdout]     |
[INFO] [stdout] 814 |     pub set_win_lines: Option<bool>,
[INFO] [stdout]     |         ^^^^^^^^^^^^^ not found in this scope
[INFO] [stdout] 
[INFO] [stdout] 
[INFO] [stdout] error[E0425]: cannot find value `js` in this scope
[INFO] [stdout]    --> src/xterm.rs:820:9
[INFO] [stdout]     |
[INFO] [stdout] 820 |     pub set_win_position: Option<bool>,
[INFO] [stdout]     |         ^^^^^^^^^^^^^^^^ not found in this scope
[INFO] [stdout] 
[INFO] [stdout] 
[INFO] [stdout] error[E0425]: cannot find value `js` in this scope
[INFO] [stdout]    --> src/xterm.rs:828:9
[INFO] [stdout]     |
[INFO] [stdout] 828 |     pub set_win_size_chars: Option<bool>,
[INFO] [stdout]     |         ^^^^^^^^^^^^^^^^^^ not found in this scope
[INFO] [stdout] 
[INFO] [stdout] 
[INFO] [stdout] error[E0425]: cannot find value `js` in this scope
[INFO] [stdout]    --> src/xterm.rs:836:9
[INFO] [stdout]     |
[INFO] [stdout] 836 |     pub set_win_size_pixels: Option<bool>,
[INFO] [stdout]     |         ^^^^^^^^^^^^^^^^^^^ not found in this scope
[INFO] [stdout] 
[INFO] [stdout] 
[INFO] [stdout] error[E0425]: cannot find value `js` in this scope
[INFO] [stdout]    --> src/xterm.rs:851:9
[INFO] [stdout]     |
[INFO] [stdout] 851 |     pub allow_proposed_api: Option<bool>,
[INFO] [stdout]     |         ^^^^^^^^^^^^^^^^^^ not found in this scope
[INFO] [stdout] 
[INFO] [stdout] 
[INFO] [stdout] error[E0425]: cannot find value `js` in this scope
[INFO] [stdout]    --> src/xterm.rs:860:9
[INFO] [stdout]     |
[INFO] [stdout] 860 |     pub allow_transparency: Option<bool>,
[INFO] [stdout]     |         ^^^^^^^^^^^^^^^^^^ not found in this scope
[INFO] [stdout] 
[INFO] [stdout] 
[INFO] [stdout] error[E0425]: cannot find value `js` in this scope
[INFO] [stdout]    --> src/xterm.rs:869:9
[INFO] [stdout]     |
[INFO] [stdout] 869 |     pub bell_style: Option<BellStyle>,
[INFO] [stdout]     |         ^^^^^^^^^^ not found in this scope
[INFO] [stdout] 
[INFO] [stdout] 
[INFO] [stdout] error[E0425]: cannot find value `js` in this scope
[INFO] [stdout]    --> src/xterm.rs:873:9
[INFO] [stdout]     |
[INFO] [stdout] 873 |     pub cols: Option<u16>,
[INFO] [stdout]     |         ^^^^ not found in this scope
[INFO] [stdout] 
[INFO] [stdout] 
[INFO] [stdout] error[E0425]: cannot find value `js` in this scope
[INFO] [stdout]    --> src/xterm.rs:882:9
[INFO] [stdout]     |
[INFO] [stdout] 882 |     pub convert_eol: Option<bool>,
[INFO] [stdout]     |         ^^^^^^^^^^^ not found in this scope
[INFO] [stdout] 
[INFO] [stdout] 
[INFO] [stdout] error[E0425]: cannot find value `js` in this scope
[INFO] [stdout]    --> src/xterm.rs:886:9
[INFO] [stdout]     |
[INFO] [stdout] 886 |     pub cursor_blink: Option<bool>,
[INFO] [stdout]     |         ^^^^^^^^^^^^ not found in this scope
[INFO] [stdout] 
[INFO] [stdout] 
[INFO] [stdout] error[E0425]: cannot find value `js` in this scope
[INFO] [stdout]    --> src/xterm.rs:890:9
[INFO] [stdout]     |
[INFO] [stdout] 890 |     pub cursor_style: Option<CursorStyle>,
[INFO] [stdout]     |         ^^^^^^^^^^^^ not found in this scope
[INFO] [stdout] 
[INFO] [stdout] 
[INFO] [stdout] error[E0425]: cannot find value `js` in this scope
[INFO] [stdout]    --> src/xterm.rs:898:9
[INFO] [stdout]     |
[INFO] [stdout] 898 |     pub cursor_width: Option<f32>,
[INFO] [stdout]     |         ^^^^^^^^^^^^ not found in this scope
[INFO] [stdout] 
[INFO] [stdout] 
[INFO] [stdout] error[E0425]: cannot find value `js` in this scope
[INFO] [stdout]    --> src/xterm.rs:902:9
[INFO] [stdout]     |
[INFO] [stdout] 902 |     pub disable_stdin: Option<bool>,
[INFO] [stdout]     |         ^^^^^^^^^^^^^ not found in this scope
[INFO] [stdout] 
[INFO] [stdout] 
[INFO] [stdout] error[E0425]: cannot find value `js` in this scope
[INFO] [stdout]    --> src/xterm.rs:906:9
[INFO] [stdout]     |
[INFO] [stdout] 906 |     pub draw_bold_text_in_bright_colors: Option<bool>,
[INFO] [stdout]     |         ^^^^^^^^^^^^^^^^^^^^^^^^^^^^^^^ not found in this scope
[INFO] [stdout] 
[INFO] [stdout] 
[INFO] [stdout] error[E0425]: cannot find value `js` in this scope
[INFO] [stdout]    --> src/xterm.rs:910:9
[INFO] [stdout]     |
[INFO] [stdout] 910 |     pub fast_scroll_modifier: Option<FastScrollModifier>,
[INFO] [stdout]     |         ^^^^^^^^^^^^^^^^^^^^ not found in this scope
[INFO] [stdout] 
[INFO] [stdout] 
[INFO] [stdout] error[E0425]: cannot find value `js` in this scope
[INFO] [stdout]    --> src/xterm.rs:914:9
[INFO] [stdout]     |
[INFO] [stdout] 914 |     pub fast_scroll_sensitivity: Option<f32>,
[INFO] [stdout]     |         ^^^^^^^^^^^^^^^^^^^^^^^ not found in this scope
[INFO] [stdout] 
[INFO] [stdout] 
[INFO] [stdout] error[E0425]: cannot find value `js` in this scope
[INFO] [stdout]    --> src/xterm.rs:922:9
[INFO] [stdout]     |
[INFO] [stdout] 922 |     pub font_size: Option<f32>,
[INFO] [stdout]     |         ^^^^^^^^^ not found in this scope
[INFO] [stdout] 
[INFO] [stdout] 
[INFO] [stdout] error[E0425]: cannot find value `js` in this scope
[INFO] [stdout]    --> src/xterm.rs:926:9
[INFO] [stdout]     |
[INFO] [stdout] 926 |     pub font_weight: Option<f32>,
[INFO] [stdout]     |         ^^^^^^^^^^^ not found in this scope
[INFO] [stdout] 
[INFO] [stdout] 
[INFO] [stdout] error[E0425]: cannot find value `js` in this scope
[INFO] [stdout]    --> src/xterm.rs:930:9
[INFO] [stdout]     |
[INFO] [stdout] 930 |     pub font_weight_bold: Option<FontWeight>,
[INFO] [stdout]     |         ^^^^^^^^^^^^^^^^ not found in this scope
[INFO] [stdout] 
[INFO] [stdout] 
[INFO] [stdout] error[E0425]: cannot find value `js` in this scope
[INFO] [stdout]    --> src/xterm.rs:934:9
[INFO] [stdout]     |
[INFO] [stdout] 934 |     pub letter_spacing: Option<u16>,
[INFO] [stdout]     |         ^^^^^^^^^^^^^^ not found in this scope
[INFO] [stdout] 
[INFO] [stdout] 
[INFO] [stdout] error[E0425]: cannot find value `js` in this scope
[INFO] [stdout]    --> src/xterm.rs:938:9
[INFO] [stdout]     |
[INFO] [stdout] 938 |     pub line_height: Option<u16>,
[INFO] [stdout]     |         ^^^^^^^^^^^ not found in this scope
[INFO] [stdout] 
[INFO] [stdout] 
[INFO] [stdout] error[E0425]: cannot find value `js` in this scope
[INFO] [stdout]    --> src/xterm.rs:948:9
[INFO] [stdout]     |
[INFO] [stdout] 948 |     pub link_tooltip_hover_duration: Option<u16>,
[INFO] [stdout]     |         ^^^^^^^^^^^^^^^^^^^^^^^^^^^ not found in this scope
[INFO] [stdout] 
[INFO] [stdout] 
[INFO] [stdout] error[E0425]: cannot find value `js` in this scope
[INFO] [stdout]    --> src/xterm.rs:958:9
[INFO] [stdout]     |
[INFO] [stdout] 958 |     pub log_level: Option<LogLevel>,
[INFO] [stdout]     |         ^^^^^^^^^ not found in this scope
[INFO] [stdout] 
[INFO] [stdout] 
[INFO] [stdout] error[E0425]: cannot find value `js` in this scope
[INFO] [stdout]    --> src/xterm.rs:966:9
[INFO] [stdout]     |
[INFO] [stdout] 966 |     pub mac_option_click_forces_selection: Option<bool>,
[INFO] [stdout]     |         ^^^^^^^^^^^^^^^^^^^^^^^^^^^^^^^^^ not found in this scope
[INFO] [stdout] 
[INFO] [stdout] 
[INFO] [stdout] error[E0425]: cannot find value `js` in this scope
[INFO] [stdout]    --> src/xterm.rs:970:9
[INFO] [stdout]     |
[INFO] [stdout] 970 |     pub mac_option_is_meta: Option<bool>,
[INFO] [stdout]     |         ^^^^^^^^^^^^^^^^^^ not found in this scope
[INFO] [stdout] 
[INFO] [stdout] 
[INFO] [stdout] error[E0425]: cannot find value `js` in this scope
[INFO] [stdout]    --> src/xterm.rs:980:9
[INFO] [stdout]     |
[INFO] [stdout] 980 |     pub minimum_contrast_ratio: Option<f32>,
[INFO] [stdout]     |         ^^^^^^^^^^^^^^^^^^^^^^ not found in this scope
[INFO] [stdout] 
[INFO] [stdout] 
[INFO] [stdout] error[E0425]: cannot find value `js` in this scope
[INFO] [stdout]    --> src/xterm.rs:988:9
[INFO] [stdout]     |
[INFO] [stdout] 988 |     pub renderer_type: Option<RendererType>,
[INFO] [stdout]     |         ^^^^^^^^^^^^^ not found in this scope
[INFO] [stdout] 
[INFO] [stdout] 
[INFO] [stdout] error[E0425]: cannot find value `js` in this scope
[INFO] [stdout]    --> src/xterm.rs:993:9
[INFO] [stdout]     |
[INFO] [stdout] 993 |     pub right_click_selects_word: Option<bool>,
[INFO] [stdout]     |         ^^^^^^^^^^^^^^^^^^^^^^^^ not found in this scope
[INFO] [stdout] 
[INFO] [stdout] 
[INFO] [stdout] error[E0425]: cannot find value `js` in this scope
[INFO] [stdout]    --> src/xterm.rs:997:9
[INFO] [stdout]     |
[INFO] [stdout] 997 |     pub rows: Option<u16>,
[INFO] [stdout]     |         ^^^^ not found in this scope
[INFO] [stdout] 
[INFO] [stdout] 
[INFO] [stdout] error[E0425]: cannot find value `js` in this scope
[INFO] [stdout]     --> src/xterm.rs:1003:9
[INFO] [stdout]      |
[INFO] [stdout] 1003 |     pub screen_reader_mode: Option<bool>,
[INFO] [stdout]      |         ^^^^^^^^^^^^^^^^^^ not found in this scope
[INFO] [stdout] 
[INFO] [stdout] 
[INFO] [stdout] error[E0425]: cannot find value `js` in this scope
[INFO] [stdout]     --> src/xterm.rs:1008:9
[INFO] [stdout]      |
[INFO] [stdout] 1008 |     pub scroll_sensitivity: Option<f32>,
[INFO] [stdout]      |         ^^^^^^^^^^^^^^^^^^ not found in this scope
[INFO] [stdout] 
[INFO] [stdout] 
[INFO] [stdout] error[E0425]: cannot find value `js` in this scope
[INFO] [stdout]     --> src/xterm.rs:1014:9
[INFO] [stdout]      |
[INFO] [stdout] 1014 |     pub scrollback: Option<u32>,
[INFO] [stdout]      |         ^^^^^^^^^^ not found in this scope
[INFO] [stdout] 
[INFO] [stdout] 
[INFO] [stdout] error[E0425]: cannot find value `js` in this scope
[INFO] [stdout]     --> src/xterm.rs:1018:9
[INFO] [stdout]      |
[INFO] [stdout] 1018 |     pub tab_stop_width: Option<u16>,
[INFO] [stdout]      |         ^^^^^^^^^^^^^^ not found in this scope
[INFO] [stdout] 
[INFO] [stdout] 
[INFO] [stdout] error[E0425]: cannot find value `js` in this scope
[INFO] [stdout]     --> src/xterm.rs:1038:9
[INFO] [stdout]      |
[INFO] [stdout] 1038 |     pub windows_mode: Option<bool>,
[INFO] [stdout]      |         ^^^^^^^^^^^^ not found in this scope
[INFO] [stdout] 
[INFO] [stdout] 
[INFO] [stdout] warning: lint `const_err` has been removed: converted into hard error, see issue #71800 <https://github.com/rust-lang/rust/issues/71800> for more information
[INFO] [stdout]   --> src/lib.rs:18:5
[INFO] [stdout]    |
[INFO] [stdout] 18 |     const_err,
[INFO] [stdout]    |     ^^^^^^^^^
[INFO] [stdout]    |
[INFO] [stdout]    = note: `#[warn(renamed_and_removed_lints)]` on by default
[INFO] [stdout] 
[INFO] [stdout] 
[INFO] [stdout] warning: lint `intra_doc_link_resolution_failure` has been removed: use `rustdoc::broken_intra_doc_links` instead
[INFO] [stdout]   --> src/lib.rs:38:5
[INFO] [stdout]    |
[INFO] [stdout] 38 |     intra_doc_link_resolution_failure,
[INFO] [stdout]    |     ^^^^^^^^^^^^^^^^^^^^^^^^^^^^^^^^^
[INFO] [stdout] 
[INFO] [stdout] 
[INFO] [stdout] error: declaration of an `unsafe` function
[INFO] [stdout]     --> src/xterm.rs:1072:12
[INFO] [stdout]      |
[INFO] [stdout] 1072 |     pub fn get_bg_color(this: &BufferCell) -> Color;
[INFO] [stdout]      |            ^^^^^^^^^^^^
[INFO] [stdout]      |
[INFO] [stdout] note: the lint level is defined here
[INFO] [stdout]     --> src/lib.rs:40:5
[INFO] [stdout]      |
[INFO] [stdout] 40   |     unsafe_code,
[INFO] [stdout]      |     ^^^^^^^^^^^
[INFO] [stdout] 
[INFO] [stdout] 
[INFO] [stdout] error: declaration of an `unsafe` function
[INFO] [stdout]     --> src/xterm.rs:1083:12
[INFO] [stdout]      |
[INFO] [stdout] 1083 |     pub fn get_bg_color_mode(this: &BufferCell) -> u8;
[INFO] [stdout]      |            ^^^^^^^^^^^^^^^^^
[INFO] [stdout] 
[INFO] [stdout] 
[INFO] [stdout] error: declaration of an `unsafe` function
[INFO] [stdout]     --> src/xterm.rs:1090:12
[INFO] [stdout]      |
[INFO] [stdout] 1090 |     pub fn get_chars(this: &BufferCell) -> Str;
[INFO] [stdout]      |            ^^^^^^^^^
[INFO] [stdout] 
[INFO] [stdout] 
[INFO] [stdout] error: declaration of an `unsafe` function
[INFO] [stdout]     --> src/xterm.rs:1095:12
[INFO] [stdout]      |
[INFO] [stdout] 1095 |     pub fn get_code(this: &BufferCell) -> u32;
[INFO] [stdout]      |            ^^^^^^^^
[INFO] [stdout] 
[INFO] [stdout] 
[INFO] [stdout] error: declaration of an `unsafe` function
[INFO] [stdout]     --> src/xterm.rs:1106:12
[INFO] [stdout]      |
[INFO] [stdout] 1106 |     pub fn get_fg_color(this: &BufferCell) -> Color;
[INFO] [stdout]      |            ^^^^^^^^^^^^
[INFO] [stdout] 
[INFO] [stdout] 
[INFO] [stdout] error: declaration of an `unsafe` function
[INFO] [stdout]     --> src/xterm.rs:1117:12
[INFO] [stdout]      |
[INFO] [stdout] 1117 |     pub fn get_fg_color_mode(this: &BufferCell) -> u8;
[INFO] [stdout]      |            ^^^^^^^^^^^^^^^^^
[INFO] [stdout] 
[INFO] [stdout] 
[INFO] [stdout] error: declaration of an `unsafe` function
[INFO] [stdout]     --> src/xterm.rs:1124:12
[INFO] [stdout]      |
[INFO] [stdout] 1124 |     pub fn get_width(this: &BufferCell) -> u8;
[INFO] [stdout]      |            ^^^^^^^^^
[INFO] [stdout] 
[INFO] [stdout] 
[INFO] [stdout] error: declaration of an `unsafe` function
[INFO] [stdout]     --> src/xterm.rs:1128:12
[INFO] [stdout]      |
[INFO] [stdout] 1128 |     pub fn is_attribute_default(this: &BufferCell) -> bool;
[INFO] [stdout]      |            ^^^^^^^^^^^^^^^^^^^^
[INFO] [stdout] 
[INFO] [stdout] 
[INFO] [stdout] error: declaration of an `unsafe` function
[INFO] [stdout]     --> src/xterm.rs:1132:12
[INFO] [stdout]      |
[INFO] [stdout] 1132 |     pub fn is_bg_default(this: &BufferCell) -> bool;
[INFO] [stdout]      |            ^^^^^^^^^^^^^
[INFO] [stdout] 
[INFO] [stdout] 
[INFO] [stdout] error: declaration of an `unsafe` function
[INFO] [stdout]     --> src/xterm.rs:1136:12
[INFO] [stdout]      |
[INFO] [stdout] 1136 |     pub fn is_bg_palette(this: &BufferCell) -> bool;
[INFO] [stdout]      |            ^^^^^^^^^^^^^
[INFO] [stdout] 
[INFO] [stdout] 
[INFO] [stdout] error: declaration of an `unsafe` function
[INFO] [stdout]     --> src/xterm.rs:1140:12
[INFO] [stdout]      |
[INFO] [stdout] 1140 |     pub fn is_bg_rgb(this: &BufferCell) -> bool;
[INFO] [stdout]      |            ^^^^^^^^^
[INFO] [stdout] 
[INFO] [stdout] 
[INFO] [stdout] error: declaration of an `unsafe` function
[INFO] [stdout]     --> src/xterm.rs:1145:12
[INFO] [stdout]      |
[INFO] [stdout] 1145 |     pub fn is_blink(this: &BufferCell) -> bool;
[INFO] [stdout]      |            ^^^^^^^^
[INFO] [stdout] 
[INFO] [stdout] 
[INFO] [stdout] error: declaration of an `unsafe` function
[INFO] [stdout]     --> src/xterm.rs:1150:12
[INFO] [stdout]      |
[INFO] [stdout] 1150 |     pub fn is_bold(this: &BufferCell) -> bool;
[INFO] [stdout]      |            ^^^^^^^
[INFO] [stdout] 
[INFO] [stdout] 
[INFO] [stdout] error: declaration of an `unsafe` function
[INFO] [stdout]     --> src/xterm.rs:1155:12
[INFO] [stdout]      |
[INFO] [stdout] 1155 |     pub fn is_dim(this: &BufferCell) -> bool;
[INFO] [stdout]      |            ^^^^^^
[INFO] [stdout] 
[INFO] [stdout] 
[INFO] [stdout] error: declaration of an `unsafe` function
[INFO] [stdout]     --> src/xterm.rs:1159:12
[INFO] [stdout]      |
[INFO] [stdout] 1159 |     pub fn is_fg_default(this: &BufferCell) -> bool;
[INFO] [stdout]      |            ^^^^^^^^^^^^^
[INFO] [stdout] 
[INFO] [stdout] 
[INFO] [stdout] error: declaration of an `unsafe` function
[INFO] [stdout]     --> src/xterm.rs:1163:12
[INFO] [stdout]      |
[INFO] [stdout] 1163 |     pub fn is_fg_palette(this: &BufferCell) -> bool;
[INFO] [stdout]      |            ^^^^^^^^^^^^^
[INFO] [stdout] 
[INFO] [stdout] 
[INFO] [stdout] error: declaration of an `unsafe` function
[INFO] [stdout]     --> src/xterm.rs:1167:12
[INFO] [stdout]      |
[INFO] [stdout] 1167 |     pub fn is_fg_rgb(this: &BufferCell) -> bool;
[INFO] [stdout]      |            ^^^^^^^^^
[INFO] [stdout] 
[INFO] [stdout] 
[INFO] [stdout] error: declaration of an `unsafe` function
[INFO] [stdout]     --> src/xterm.rs:1172:12
[INFO] [stdout]      |
[INFO] [stdout] 1172 |     pub fn is_inverse(this: &BufferCell) -> bool;
[INFO] [stdout]      |            ^^^^^^^^^^
[INFO] [stdout] 
[INFO] [stdout] 
[INFO] [stdout] error: declaration of an `unsafe` function
[INFO] [stdout]     --> src/xterm.rs:1177:12
[INFO] [stdout]      |
[INFO] [stdout] 1177 |     pub fn is_invisible(this: &BufferCell) -> bool;
[INFO] [stdout]      |            ^^^^^^^^^^^^
[INFO] [stdout] 
[INFO] [stdout] 
[INFO] [stdout] error: declaration of an `unsafe` function
[INFO] [stdout]     --> src/xterm.rs:1182:12
[INFO] [stdout]      |
[INFO] [stdout] 1182 |     pub fn is_italic(this: &BufferCell) -> bool;
[INFO] [stdout]      |            ^^^^^^^^^
[INFO] [stdout] 
[INFO] [stdout] 
[INFO] [stdout] error: declaration of an `unsafe` function
[INFO] [stdout]     --> src/xterm.rs:1187:12
[INFO] [stdout]      |
[INFO] [stdout] 1187 |     pub fn is_underline(this: &BufferCell) -> bool;
[INFO] [stdout]      |            ^^^^^^^^^^^^
[INFO] [stdout] 
[INFO] [stdout] 
[INFO] [stdout] error: declaration of an `unsafe` function
[INFO] [stdout]     --> src/xterm.rs:1201:12
[INFO] [stdout]      |
[INFO] [stdout] 1201 |     pub fn is_wrapped(this: &BufferLine) -> bool;
[INFO] [stdout]      |            ^^^^^^^^^^
[INFO] [stdout] 
[INFO] [stdout] 
[INFO] [stdout] error: declaration of an `unsafe` function
[INFO] [stdout]     --> src/xterm.rs:1210:12
[INFO] [stdout]      |
[INFO] [stdout] 1210 |     pub fn length(this: &BufferLine) -> u16;
[INFO] [stdout]      |            ^^^^^^
[INFO] [stdout] 
[INFO] [stdout] 
[INFO] [stdout] error: declaration of an `unsafe` function
[INFO] [stdout]     --> src/xterm.rs:1226:12
[INFO] [stdout]      |
[INFO] [stdout] 1226 |     pub fn get_cell(
[INFO] [stdout]      |            ^^^^^^^^
[INFO] [stdout] 
[INFO] [stdout] 
[INFO] [stdout] error: declaration of an `unsafe` function
[INFO] [stdout]     --> src/xterm.rs:1242:12
[INFO] [stdout]      |
[INFO] [stdout] 1242 |     pub fn translate_to_string(
[INFO] [stdout]      |            ^^^^^^^^^^^^^^^^^^^
[INFO] [stdout] 
[INFO] [stdout] 
[INFO] [stdout] error: declaration of an `unsafe` function
[INFO] [stdout]     --> src/xterm.rs:1263:12
[INFO] [stdout]      |
[INFO] [stdout] 1263 |     pub fn base_y(this: &Buffer) -> u16;
[INFO] [stdout]      |            ^^^^^^
[INFO] [stdout] 
[INFO] [stdout] 
[INFO] [stdout] error: declaration of an `unsafe` function
[INFO] [stdout]     --> src/xterm.rs:1270:12
[INFO] [stdout]      |
[INFO] [stdout] 1270 |     pub fn cursor_x(this: &Buffer) -> u16;
[INFO] [stdout]      |            ^^^^^^^^
[INFO] [stdout] 
[INFO] [stdout] 
[INFO] [stdout] error: declaration of an `unsafe` function
[INFO] [stdout]     --> src/xterm.rs:1279:12
[INFO] [stdout]      |
[INFO] [stdout] 1279 |     pub fn cursor_y(this: &Buffer) -> u16;
[INFO] [stdout]      |            ^^^^^^^^
[INFO] [stdout] 
[INFO] [stdout] 
[INFO] [stdout] error: declaration of an `unsafe` function
[INFO] [stdout]     --> src/xterm.rs:1283:12
[INFO] [stdout]      |
[INFO] [stdout] 1283 |     pub fn length(this: &Buffer) -> u32;
[INFO] [stdout]      |            ^^^^^^
[INFO] [stdout] 
[INFO] [stdout] 
[INFO] [stdout] error: declaration of an `unsafe` function
[INFO] [stdout]     --> src/xterm.rs:1287:12
[INFO] [stdout]      |
[INFO] [stdout] 1287 |     pub fn viewport_y(this: &Buffer) -> u16;
[INFO] [stdout]      |            ^^^^^^^^^^
[INFO] [stdout] 
[INFO] [stdout] 
[INFO] [stdout] error: declaration of an `unsafe` function
[INFO] [stdout]     --> src/xterm.rs:1298:12
[INFO] [stdout]      |
[INFO] [stdout] 1298 |     pub fn get_line(this: &Buffer, y: u32) -> Option<BufferLine>;
[INFO] [stdout]      |            ^^^^^^^^
[INFO] [stdout] 
[INFO] [stdout] 
[INFO] [stdout] error: declaration of an `unsafe` function
[INFO] [stdout]     --> src/xterm.rs:1306:12
[INFO] [stdout]      |
[INFO] [stdout] 1306 |     pub fn get_null_cell(this: &Buffer) -> BufferCell;
[INFO] [stdout]      |            ^^^^^^^^^^^^^
[INFO] [stdout] 
[INFO] [stdout] 
[INFO] [stdout] error: declaration of an `unsafe` function
[INFO] [stdout]     --> src/xterm.rs:1310:12
[INFO] [stdout]      |
[INFO] [stdout] 1310 |     pub fn r#type(this: &Buffer) -> BufferType;
[INFO] [stdout]      |            ^^^^^^
[INFO] [stdout] 
[INFO] [stdout] 
[INFO] [stdout] error: declaration of an `unsafe` function
[INFO] [stdout]     --> src/xterm.rs:1329:12
[INFO] [stdout]      |
[INFO] [stdout] 1329 |     pub fn active(this: &BufferNamespace) -> Buffer;
[INFO] [stdout]      |            ^^^^^^
[INFO] [stdout] 
[INFO] [stdout] 
[INFO] [stdout] error: declaration of an `unsafe` function
[INFO] [stdout]     --> src/xterm.rs:1334:12
[INFO] [stdout]      |
[INFO] [stdout] 1334 |     pub fn alternate(this: &BufferNamespace) -> Buffer;
[INFO] [stdout]      |            ^^^^^^^^^
[INFO] [stdout] 
[INFO] [stdout] 
[INFO] [stdout] error: declaration of an `unsafe` function
[INFO] [stdout]     --> src/xterm.rs:1338:12
[INFO] [stdout]      |
[INFO] [stdout] 1338 |     pub fn normal(this: &BufferNamespace) -> Buffer;
[INFO] [stdout]      |            ^^^^^^
[INFO] [stdout] 
[INFO] [stdout] 
[INFO] [stdout] error: declaration of an `unsafe` function
[INFO] [stdout]     --> src/xterm.rs:1349:12
[INFO] [stdout]      |
[INFO] [stdout] 1349 |     pub fn on_buffer_change(
[INFO] [stdout]      |            ^^^^^^^^^^^^^^^^
[INFO] [stdout] 
[INFO] [stdout] 
[INFO] [stdout] error: declaration of an `unsafe` function
[INFO] [stdout]     --> src/xterm.rs:1373:12
[INFO] [stdout]      |
[INFO] [stdout] 1373 |     pub fn dispose(this: &Disposable);
[INFO] [stdout]      |            ^^^^^^^
[INFO] [stdout] 
[INFO] [stdout] 
[INFO] [stdout] error: declaration of an `unsafe` function
[INFO] [stdout]     --> src/xterm.rs:1391:12
[INFO] [stdout]      |
[INFO] [stdout] 1391 |     pub fn id(this: &Marker) -> u32;
[INFO] [stdout]      |            ^^
[INFO] [stdout] 
[INFO] [stdout] 
[INFO] [stdout] error: declaration of an `unsafe` function
[INFO] [stdout]     --> src/xterm.rs:1395:12
[INFO] [stdout]      |
[INFO] [stdout] 1395 |     pub fn is_disposed(this: &Marker) -> bool;
[INFO] [stdout]      |            ^^^^^^^^^^^
[INFO] [stdout] 
[INFO] [stdout] 
[INFO] [stdout] error: declaration of an `unsafe` function
[INFO] [stdout]     --> src/xterm.rs:1405:12
[INFO] [stdout]      |
[INFO] [stdout] 1405 |     pub fn line(this: &Marker) -> i32;
[INFO] [stdout]      |            ^^^^
[INFO] [stdout] 
[INFO] [stdout] 
[INFO] [stdout] error: declaration of an `unsafe` function
[INFO] [stdout]     --> src/xterm.rs:1425:12
[INFO] [stdout]      |
[INFO] [stdout] 1425 |     pub fn start_column(this: &SelectionPosition) -> u16;
[INFO] [stdout]      |            ^^^^^^^^^^^^
[INFO] [stdout] 
[INFO] [stdout] 
[INFO] [stdout] error: declaration of an `unsafe` function
[INFO] [stdout]     --> src/xterm.rs:1429:12
[INFO] [stdout]      |
[INFO] [stdout] 1429 |     pub fn start_row(this: &SelectionPosition) -> u32;
[INFO] [stdout]      |            ^^^^^^^^^
[INFO] [stdout] 
[INFO] [stdout] 
[INFO] [stdout] error: declaration of an `unsafe` function
[INFO] [stdout]     --> src/xterm.rs:1433:12
[INFO] [stdout]      |
[INFO] [stdout] 1433 |     pub fn end_column(this: &SelectionPosition) -> u16;
[INFO] [stdout]      |            ^^^^^^^^^^
[INFO] [stdout] 
[INFO] [stdout] 
[INFO] [stdout] error: declaration of an `unsafe` function
[INFO] [stdout]     --> src/xterm.rs:1437:12
[INFO] [stdout]      |
[INFO] [stdout] 1437 |     pub fn end_row(this: &SelectionPosition) -> u32;
[INFO] [stdout]      |            ^^^^^^^
[INFO] [stdout] 
[INFO] [stdout] 
[INFO] [stdout] error: declaration of an `unsafe` function
[INFO] [stdout]     --> src/xterm.rs:1457:12
[INFO] [stdout]      |
[INFO] [stdout] 1457 |     pub fn prompt_label(this: &LocalizableStrings) -> Str;
[INFO] [stdout]      |            ^^^^^^^^^^^^
[INFO] [stdout] 
[INFO] [stdout] 
[INFO] [stdout] error: declaration of an `unsafe` function
[INFO] [stdout]     --> src/xterm.rs:1462:12
[INFO] [stdout]      |
[INFO] [stdout] 1462 |     pub fn too_much_outut(this: &LocalizableStrings) -> Str;
[INFO] [stdout]      |            ^^^^^^^^^^^^^^
[INFO] [stdout] 
[INFO] [stdout] 
[INFO] [stdout] error: declaration of an `unsafe` function
[INFO] [stdout]     --> src/xterm.rs:1480:12
[INFO] [stdout]      |
[INFO] [stdout] 1480 |     pub fn activate(this: &TerminalAddon, terminal: Terminal);
[INFO] [stdout]      |            ^^^^^^^^
[INFO] [stdout] 
[INFO] [stdout] 
[INFO] [stdout] error: declaration of an `unsafe` function
[INFO] [stdout]     --> src/xterm.rs:1497:12
[INFO] [stdout]      |
[INFO] [stdout] 1497 |     pub fn register(this: &UnicodeHandling, provider: UnicodeVersionProvider);
[INFO] [stdout]      |            ^^^^^^^^
[INFO] [stdout] 
[INFO] [stdout] 
[INFO] [stdout] error: declaration of an `unsafe` function
[INFO] [stdout]     --> src/xterm.rs:1511:12
[INFO] [stdout]      |
[INFO] [stdout] 1511 |     pub fn versions(this: &UnicodeHandling) -> ReadOnlyArray<js_sys::JsString>;
[INFO] [stdout]      |            ^^^^^^^^
[INFO] [stdout] 
[INFO] [stdout] 
[INFO] [stdout] error: declaration of an `unsafe` function
[INFO] [stdout]     --> src/xterm.rs:1519:12
[INFO] [stdout]      |
[INFO] [stdout] 1519 |     pub fn active_version(this: &UnicodeHandling) -> Str;
[INFO] [stdout]      |            ^^^^^^^^^^^^^^
[INFO] [stdout] 
[INFO] [stdout] 
[INFO] [stdout] error: declaration of an `unsafe` function
[INFO] [stdout]     --> src/xterm.rs:1523:12
[INFO] [stdout]      |
[INFO] [stdout] 1523 |     pub fn set_active_version(this: &UnicodeHandling, version: Str);
[INFO] [stdout]      |            ^^^^^^^^^^^^^^^^^^
[INFO] [stdout] 
[INFO] [stdout] 
[INFO] [stdout] error: declaration of an `unsafe` function
[INFO] [stdout]     --> src/xterm.rs:1543:12
[INFO] [stdout]      |
[INFO] [stdout] 1543 |     pub fn version(this: &UnicodeVersionProvider) -> Str;
[INFO] [stdout]      |            ^^^^^^^
[INFO] [stdout] 
[INFO] [stdout] 
[INFO] [stdout] error: declaration of an `unsafe` function
[INFO] [stdout]     --> src/xterm.rs:1547:12
[INFO] [stdout]      |
[INFO] [stdout] 1547 |     pub fn wcwidth(
[INFO] [stdout]      |            ^^^^^^^
[INFO] [stdout] 
[INFO] [stdout] 
[INFO] [stdout] error: declaration of an `unsafe` function
[INFO] [stdout]     --> src/xterm.rs:1568:12
[INFO] [stdout]      |
[INFO] [stdout] 1568 |     pub fn key(this: &KeyEventData) -> Str;
[INFO] [stdout]      |            ^^^
[INFO] [stdout] 
[INFO] [stdout] 
[INFO] [stdout] error: declaration of an `unsafe` function
[INFO] [stdout]     --> src/xterm.rs:1574:12
[INFO] [stdout]      |
[INFO] [stdout] 1574 |     pub fn dom_event(this: &KeyEventData) -> web_sys::KeyboardEvent;
[INFO] [stdout]      |            ^^^^^^^^^
[INFO] [stdout] 
[INFO] [stdout] 
[INFO] [stdout] error: declaration of an `unsafe` function
[INFO] [stdout]     --> src/xterm.rs:1593:12
[INFO] [stdout]      |
[INFO] [stdout] 1593 |     pub fn start(this: &RenderEventData) -> u16;
[INFO] [stdout]      |            ^^^^^
[INFO] [stdout] 
[INFO] [stdout] 
[INFO] [stdout] error: declaration of an `unsafe` function
[INFO] [stdout]     --> src/xterm.rs:1599:12
[INFO] [stdout]      |
[INFO] [stdout] 1599 |     pub fn end(this: &RenderEventData) -> u16;
[INFO] [stdout]      |            ^^^
[INFO] [stdout] 
[INFO] [stdout] 
[INFO] [stdout] error: declaration of an `unsafe` function
[INFO] [stdout]     --> src/xterm.rs:1616:12
[INFO] [stdout]      |
[INFO] [stdout] 1616 |     pub fn cols(this: &ResizeEventData) -> u16;
[INFO] [stdout]      |            ^^^^
[INFO] [stdout] 
[INFO] [stdout] 
[INFO] [stdout] error: declaration of an `unsafe` function
[INFO] [stdout]     --> src/xterm.rs:1620:12
[INFO] [stdout]      |
[INFO] [stdout] 1620 |     pub fn rows(this: &ResizeEventData) -> u16;
[INFO] [stdout]      |            ^^^^
[INFO] [stdout] 
[INFO] [stdout] 
[INFO] [stdout] error: declaration of an `unsafe` function
[INFO] [stdout]     --> src/xterm.rs:1634:12
[INFO] [stdout]      |
[INFO] [stdout] 1634 |     pub fn new(options: Option<TerminalOptions>) -> Terminal;
[INFO] [stdout]      |            ^^^
[INFO] [stdout] 
[INFO] [stdout] 
[INFO] [stdout] error: declaration of an `unsafe` function
[INFO] [stdout]     --> src/xterm.rs:1642:12
[INFO] [stdout]      |
[INFO] [stdout] 1642 |     pub fn buffer(this: &Terminal) -> BufferNamespace;
[INFO] [stdout]      |            ^^^^^^
[INFO] [stdout] 
[INFO] [stdout] 
[INFO] [stdout] error: declaration of an `unsafe` function
[INFO] [stdout]     --> src/xterm.rs:1650:12
[INFO] [stdout]      |
[INFO] [stdout] 1650 |     pub fn cols(this: &Terminal) -> u16;
[INFO] [stdout]      |            ^^^^
[INFO] [stdout] 
[INFO] [stdout] 
[INFO] [stdout] error: declaration of an `unsafe` function
[INFO] [stdout]     --> src/xterm.rs:1654:12
[INFO] [stdout]      |
[INFO] [stdout] 1654 |     pub fn element(this: &Terminal) -> Option<web_sys::Element>;
[INFO] [stdout]      |            ^^^^^^^
[INFO] [stdout] 
[INFO] [stdout] 
[INFO] [stdout] error: declaration of an `unsafe` function
[INFO] [stdout]     --> src/xterm.rs:1661:12
[INFO] [stdout]      |
[INFO] [stdout] 1661 |     pub fn markers(this: &Terminal) -> ReadOnlyArray<Marker>;
[INFO] [stdout]      |            ^^^^^^^
[INFO] [stdout] 
[INFO] [stdout] 
[INFO] [stdout] error: declaration of an `unsafe` function
[INFO] [stdout]     --> src/xterm.rs:1678:12
[INFO] [stdout]      |
[INFO] [stdout] 1678 |     pub fn on_binary(
[INFO] [stdout]      |            ^^^^^^^^^
[INFO] [stdout] 
[INFO] [stdout] 
[INFO] [stdout] error: declaration of an `unsafe` function
[INFO] [stdout]     --> src/xterm.rs:1692:12
[INFO] [stdout]      |
[INFO] [stdout] 1692 |     pub fn on_cursor_move(
[INFO] [stdout]      |            ^^^^^^^^^^^^^^
[INFO] [stdout] 
[INFO] [stdout] 
[INFO] [stdout] error: declaration of an `unsafe` function
[INFO] [stdout]     --> src/xterm.rs:1710:12
[INFO] [stdout]      |
[INFO] [stdout] 1710 |     pub fn on_data(
[INFO] [stdout]      |            ^^^^^^^
[INFO] [stdout] 
[INFO] [stdout] 
[INFO] [stdout] error: declaration of an `unsafe` function
[INFO] [stdout]     --> src/xterm.rs:1728:12
[INFO] [stdout]      |
[INFO] [stdout] 1728 |     pub fn on_key(
[INFO] [stdout]      |            ^^^^^^
[INFO] [stdout] 
[INFO] [stdout] 
[INFO] [stdout] error: declaration of an `unsafe` function
[INFO] [stdout]     --> src/xterm.rs:1742:12
[INFO] [stdout]      |
[INFO] [stdout] 1742 |     pub fn on_line_feed(
[INFO] [stdout]      |            ^^^^^^^^^^^^
[INFO] [stdout] 
[INFO] [stdout] 
[INFO] [stdout] error: declaration of an `unsafe` function
[INFO] [stdout]     --> src/xterm.rs:1759:12
[INFO] [stdout]      |
[INFO] [stdout] 1759 |     pub fn on_render(
[INFO] [stdout]      |            ^^^^^^^^^
[INFO] [stdout] 
[INFO] [stdout] 
[INFO] [stdout] error: declaration of an `unsafe` function
[INFO] [stdout]     --> src/xterm.rs:1775:12
[INFO] [stdout]      |
[INFO] [stdout] 1775 |     pub fn on_resize(
[INFO] [stdout]      |            ^^^^^^^^^
[INFO] [stdout] 
[INFO] [stdout] 
[INFO] [stdout] error: declaration of an `unsafe` function
[INFO] [stdout]     --> src/xterm.rs:1792:12
[INFO] [stdout]      |
[INFO] [stdout] 1792 |     pub fn on_scroll(
[INFO] [stdout]      |            ^^^^^^^^^
[INFO] [stdout] 
[INFO] [stdout] 
[INFO] [stdout] error: declaration of an `unsafe` function
[INFO] [stdout]     --> src/xterm.rs:1806:12
[INFO] [stdout]      |
[INFO] [stdout] 1806 |     pub fn on_selection_change(
[INFO] [stdout]      |            ^^^^^^^^^^^^^^^^^^^
[INFO] [stdout] 
[INFO] [stdout] 
[INFO] [stdout] error: declaration of an `unsafe` function
[INFO] [stdout]     --> src/xterm.rs:1822:12
[INFO] [stdout]      |
[INFO] [stdout] 1822 |     pub fn on_title_change(
[INFO] [stdout]      |            ^^^^^^^^^^^^^^^
[INFO] [stdout] 
[INFO] [stdout] 
[INFO] [stdout] error: declaration of an `unsafe` function
[INFO] [stdout]     --> src/xterm.rs:1842:12
[INFO] [stdout]      |
[INFO] [stdout] 1842 |     pub fn rows(this: &Terminal) -> u16;
[INFO] [stdout]      |            ^^^^
[INFO] [stdout] 
[INFO] [stdout] 
[INFO] [stdout] error: declaration of an `unsafe` function
[INFO] [stdout]     --> src/xterm.rs:1848:12
[INFO] [stdout]      |
[INFO] [stdout] 1848 |     pub fn textarea(this: &Terminal) -> Option<web_sys::HtmlTextAreaElement>;
[INFO] [stdout]      |            ^^^^^^^^
[INFO] [stdout] 
[INFO] [stdout] 
[INFO] [stdout] error: declaration of an `unsafe` function
[INFO] [stdout]     --> src/xterm.rs:1855:12
[INFO] [stdout]      |
[INFO] [stdout] 1855 |     pub fn unicode(this: &Terminal) -> UnicodeHandling;
[INFO] [stdout]      |            ^^^^^^^
[INFO] [stdout] 
[INFO] [stdout] 
[INFO] [stdout] error: declaration of an `unsafe` function
[INFO] [stdout]     --> src/xterm.rs:1859:12
[INFO] [stdout]      |
[INFO] [stdout] 1859 |     pub fn strings(this: &Terminal) -> LocalizableStrings;
[INFO] [stdout]      |            ^^^^^^^
[INFO] [stdout] 
[INFO] [stdout] 
[INFO] [stdout] error: declaration of an `unsafe` function
[INFO] [stdout]     --> src/xterm.rs:1889:12
[INFO] [stdout]      |
[INFO] [stdout] 1889 |     pub fn blur(this: &Terminal);
[INFO] [stdout]      |            ^^^^
[INFO] [stdout] 
[INFO] [stdout] 
[INFO] [stdout] error: declaration of an `unsafe` function
[INFO] [stdout]     --> src/xterm.rs:1893:12
[INFO] [stdout]      |
[INFO] [stdout] 1893 |     pub fn clear(this: &Terminal);
[INFO] [stdout]      |            ^^^^^
[INFO] [stdout] 
[INFO] [stdout] 
[INFO] [stdout] error: declaration of an `unsafe` function
[INFO] [stdout]     --> src/xterm.rs:1897:12
[INFO] [stdout]      |
[INFO] [stdout] 1897 |     pub fn clear_selection(this: &Terminal);
[INFO] [stdout]      |            ^^^^^^^^^^^^^^^
[INFO] [stdout] 
[INFO] [stdout] 
[INFO] [stdout] error: declaration of an `unsafe` function
[INFO] [stdout]     --> src/xterm.rs:1922:12
[INFO] [stdout]      |
[INFO] [stdout] 1922 |     pub fn focus(this: &Terminal);
[INFO] [stdout]      |            ^^^^^
[INFO] [stdout] 
[INFO] [stdout] 
[INFO] [stdout] error: declaration of an `unsafe` function
[INFO] [stdout]     --> src/xterm.rs:1958:12
[INFO] [stdout]      |
[INFO] [stdout] 1958 |     pub fn get_selection(this: &Terminal) -> Str;
[INFO] [stdout]      |            ^^^^^^^^^^^^^
[INFO] [stdout] 
[INFO] [stdout] 
[INFO] [stdout] error: declaration of an `unsafe` function
[INFO] [stdout]     --> src/xterm.rs:1962:12
[INFO] [stdout]      |
[INFO] [stdout] 1962 |     pub fn get_selection_position(this: &Terminal)
[INFO] [stdout]      |            ^^^^^^^^^^^^^^^^^^^^^^
[INFO] [stdout] 
[INFO] [stdout] 
[INFO] [stdout] error: declaration of an `unsafe` function
[INFO] [stdout]     --> src/xterm.rs:1967:12
[INFO] [stdout]      |
[INFO] [stdout] 1967 |     pub fn has_selection(this: &Terminal) -> bool;
[INFO] [stdout]      |            ^^^^^^^^^^^^^
[INFO] [stdout] 
[INFO] [stdout] 
[INFO] [stdout] error: declaration of an `unsafe` function
[INFO] [stdout]     --> src/xterm.rs:1979:12
[INFO] [stdout]      |
[INFO] [stdout] 1979 |     pub fn load_addon(this: &Terminal, addon: TerminalAddon);
[INFO] [stdout]      |            ^^^^^^^^^^
[INFO] [stdout] 
[INFO] [stdout] 
[INFO] [stdout] error: declaration of an `unsafe` function
[INFO] [stdout]     --> src/xterm.rs:1993:12
[INFO] [stdout]      |
[INFO] [stdout] 1993 |     pub fn open(this: &Terminal, parent: web_sys::Element);
[INFO] [stdout]      |            ^^^^
[INFO] [stdout] 
[INFO] [stdout] 
[INFO] [stdout] error: declaration of an `unsafe` function
[INFO] [stdout]     --> src/xterm.rs:2001:12
[INFO] [stdout]      |
[INFO] [stdout] 2001 |     pub fn paste(this: &Terminal, data: Str);
[INFO] [stdout]      |            ^^^^^
[INFO] [stdout] 
[INFO] [stdout] 
[INFO] [stdout] error: declaration of an `unsafe` function
[INFO] [stdout]     --> src/xterm.rs:2012:12
[INFO] [stdout]      |
[INFO] [stdout] 2012 |     pub fn refresh(this: &Terminal, start: u16, end: u16);
[INFO] [stdout]      |            ^^^^^^^
[INFO] [stdout] 
[INFO] [stdout] 
[INFO] [stdout] error: declaration of an `unsafe` function
[INFO] [stdout]     --> src/xterm.rs:2065:12
[INFO] [stdout]      |
[INFO] [stdout] 2065 |     pub fn reset(this: &Terminal);
[INFO] [stdout]      |            ^^^^^
[INFO] [stdout] 
[INFO] [stdout] 
[INFO] [stdout] error: declaration of an `unsafe` function
[INFO] [stdout]     --> src/xterm.rs:2072:12
[INFO] [stdout]      |
[INFO] [stdout] 2072 |     pub fn resize(this: &Terminal, columns: u16, rows: u16);
[INFO] [stdout]      |            ^^^^^^
[INFO] [stdout] 
[INFO] [stdout] 
[INFO] [stdout] error: declaration of an `unsafe` function
[INFO] [stdout]     --> src/xterm.rs:2079:12
[INFO] [stdout]      |
[INFO] [stdout] 2079 |     pub fn scroll_lines(this: &Terminal, amount: i32);
[INFO] [stdout]      |            ^^^^^^^^^^^^
[INFO] [stdout] 
[INFO] [stdout] 
[INFO] [stdout] error: declaration of an `unsafe` function
[INFO] [stdout]     --> src/xterm.rs:2086:12
[INFO] [stdout]      |
[INFO] [stdout] 2086 |     pub fn scroll_pages(this: &Terminal, page_count: i32);
[INFO] [stdout]      |            ^^^^^^^^^^^^
[INFO] [stdout] 
[INFO] [stdout] 
[INFO] [stdout] error: declaration of an `unsafe` function
[INFO] [stdout]     --> src/xterm.rs:2090:12
[INFO] [stdout]      |
[INFO] [stdout] 2090 |     pub fn scroll_to_bottom(this: &Terminal);
[INFO] [stdout]      |            ^^^^^^^^^^^^^^^^
[INFO] [stdout] 
[INFO] [stdout] 
[INFO] [stdout] error: declaration of an `unsafe` function
[INFO] [stdout]     --> src/xterm.rs:2097:12
[INFO] [stdout]      |
[INFO] [stdout] 2097 |     pub fn scroll_to_line(this: &Terminal, line: u32);
[INFO] [stdout]      |            ^^^^^^^^^^^^^^
[INFO] [stdout] 
[INFO] [stdout] 
[INFO] [stdout] error: declaration of an `unsafe` function
[INFO] [stdout]     --> src/xterm.rs:2101:12
[INFO] [stdout]      |
[INFO] [stdout] 2101 |     pub fn scroll_to_top(this: &Terminal);
[INFO] [stdout]      |            ^^^^^^^^^^^^^
[INFO] [stdout] 
[INFO] [stdout] 
[INFO] [stdout] error: declaration of an `unsafe` function
[INFO] [stdout]     --> src/xterm.rs:2112:12
[INFO] [stdout]      |
[INFO] [stdout] 2112 |     pub fn select(this: &Terminal, column: u16, row: u32, length: u32);
[INFO] [stdout]      |            ^^^^^^
[INFO] [stdout] 
[INFO] [stdout] 
[INFO] [stdout] error: declaration of an `unsafe` function
[INFO] [stdout]     --> src/xterm.rs:2116:12
[INFO] [stdout]      |
[INFO] [stdout] 2116 |     pub fn select_all(this: &Terminal);
[INFO] [stdout]      |            ^^^^^^^^^^
[INFO] [stdout] 
[INFO] [stdout] 
[INFO] [stdout] error: declaration of an `unsafe` function
[INFO] [stdout]     --> src/xterm.rs:2124:12
[INFO] [stdout]      |
[INFO] [stdout] 2124 |     pub fn select_lines(this: &Terminal, start: u32, end: u32);
[INFO] [stdout]      |            ^^^^^^^^^^^^
[INFO] [stdout] 
[INFO] [stdout] 
[INFO] [stdout] error: declaration of an `unsafe` function
[INFO] [stdout]     --> src/xterm.rs:2223:12
[INFO] [stdout]      |
[INFO] [stdout] 2223 |     pub fn write(this: &Terminal, data: Str);
[INFO] [stdout]      |            ^^^^^
[INFO] [stdout] 
[INFO] [stdout] 
[INFO] [stdout] error: declaration of an `unsafe` function
[INFO] [stdout]     --> src/xterm.rs:2242:12
[INFO] [stdout]      |
[INFO] [stdout] 2242 |     pub fn write_with_callback(
[INFO] [stdout]      |            ^^^^^^^^^^^^^^^^^^^
[INFO] [stdout] 
[INFO] [stdout] 
[INFO] [stdout] error[E0453]: allow(dead_code) incompatible with previous forbid
[INFO] [stdout]    --> src/ext/mod.rs:219:69
[INFO] [stdout]     |
[INFO] [stdout] 219 |   ...                   #[allow(non_upper_case_globals, dead_code)]
[INFO] [stdout]     |                                                         ^^^^^^^^^ overruled by previous forbid
[INFO] [stdout]     |
[INFO] [stdout]    ::: src/lib.rs:19:5
[INFO] [stdout]     |
[INFO] [stdout] 19  |       dead_code,
[INFO] [stdout]     |       --------- `forbid` level set here
[INFO] [stdout]     |
[INFO] [stdout]    ::: src/ext/addon.rs:8:1
[INFO] [stdout]     |
[INFO] [stdout] 8   | / interface! {
[INFO] [stdout] 9   | |     #[allow(clippy::module_name_repetitions)]
[INFO] [stdout] 10  | |     pub trait XtermAddon mirrors TerminalAddon
[INFO] [stdout] 11  | |     where
[INFO] [stdout] ...   |
[INFO] [stdout] 16  | |     }
[INFO] [stdout] 17  | | }
[INFO] [stdout]     | |_- in this macro invocation
[INFO] [stdout]     |
[INFO] [stdout]     = note: this error originates in the macro `interface` (in Nightly builds, run with -Z macro-backtrace for more info)
[INFO] [stdout] 
[INFO] [stdout] 
[INFO] [stdout] error[E0453]: allow(dead_code) incompatible with previous forbid
[INFO] [stdout]    --> src/ext/mod.rs:219:69
[INFO] [stdout]     |
[INFO] [stdout] 219 |   ...                   #[allow(non_upper_case_globals, dead_code)]
[INFO] [stdout]     |                                                         ^^^^^^^^^ overruled by previous forbid
[INFO] [stdout]     |
[INFO] [stdout]    ::: src/lib.rs:19:5
[INFO] [stdout]     |
[INFO] [stdout] 19  |       dead_code,
[INFO] [stdout]     |       --------- `forbid` level set here
[INFO] [stdout]     |
[INFO] [stdout]    ::: src/ext/disposable.rs:14:1
[INFO] [stdout]     |
[INFO] [stdout] 14  | / interface! {
[INFO] [stdout] 15  | |     #[allow(clippy::module_name_repetitions)]
[INFO] [stdout] 16  | |     pub trait XtermDisposable mirrors Disposable {
[INFO] [stdout] 17  | |         /// Disposes of the instance.
[INFO] [stdout] ...   |
[INFO] [stdout] 23  | |     }
[INFO] [stdout] 24  | | }
[INFO] [stdout]     | |_- in this macro invocation
[INFO] [stdout]     |
[INFO] [stdout]     = note: this error originates in the macro `interface` (in Nightly builds, run with -Z macro-backtrace for more info)
[INFO] [stdout] 
[INFO] [stdout] 
[INFO] [stdout] error[E0453]: allow(dead_code) incompatible with previous forbid
[INFO] [stdout]    --> src/ext/mod.rs:219:69
[INFO] [stdout]     |
[INFO] [stdout] 219 |   ...                   #[allow(non_upper_case_globals, dead_code)]
[INFO] [stdout]     |                                                         ^^^^^^^^^ overruled by previous forbid
[INFO] [stdout]     |
[INFO] [stdout]    ::: src/lib.rs:19:5
[INFO] [stdout]     |
[INFO] [stdout] 19  |       dead_code,
[INFO] [stdout]     |       --------- `forbid` level set here
[INFO] [stdout]     |
[INFO] [stdout]    ::: src/ext/unicode.rs:11:1
[INFO] [stdout]     |
[INFO] [stdout] 11  | / interface! {
[INFO] [stdout] 12  | |     pub trait XtermUnicodeVersionProvider mirrors UnicodeVersionProvider {
[INFO] [stdout] 13  | |         /// Gets a string indicating the Unicode version provided.
[INFO] [stdout] 14  | |         fn version(&self) -> Str;
[INFO] [stdout] ...   |
[INFO] [stdout] 18  | |     }
[INFO] [stdout] 19  | | }
[INFO] [stdout]     | |_- in this macro invocation
[INFO] [stdout]     |
[INFO] [stdout]     = note: this error originates in the macro `interface` (in Nightly builds, run with -Z macro-backtrace for more info)
[INFO] [stdout] 
[INFO] [stdout] 
[INFO] [stdout] error[E0425]: cannot find value `js` in this scope
[INFO] [stdout]    --> src/xterm.rs:436:9
[INFO] [stdout]     |
[INFO] [stdout] 436 |     pub match_index: Option<u32>,
[INFO] [stdout]     |         ^^^^^^^^^^^ not found in this scope
[INFO] [stdout] 
[INFO] [stdout] 
[INFO] [stdout] error[E0425]: cannot find value `js` in this scope
[INFO] [stdout]    --> src/xterm.rs:452:9
[INFO] [stdout]     |
[INFO] [stdout] 452 |     pub validation_callback: /*Option<*/
[INFO] [stdout]     |         ^^^^^^^^^^^^^^^^^^^ not found in this scope
[INFO] [stdout] 
[INFO] [stdout] 
[INFO] [stdout] error[E0425]: cannot find value `js` in this scope
[INFO] [stdout]    --> src/xterm.rs:475:9
[INFO] [stdout]     |
[INFO] [stdout] 475 |     pub tooltip_callback: /*Option<*/
[INFO] [stdout]     |         ^^^^^^^^^^^^^^^^ not found in this scope
[INFO] [stdout] 
[INFO] [stdout] 
[INFO] [stdout] error[E0425]: cannot find value `js` in this scope
[INFO] [stdout]    --> src/xterm.rs:493:9
[INFO] [stdout]     |
[INFO] [stdout] 493 |     pub leave_callback: /*Option<*/
[INFO] [stdout]     |         ^^^^^^^^^^^^^^ not found in this scope
[INFO] [stdout] 
[INFO] [stdout] 
[INFO] [stdout] error[E0425]: cannot find value `js` in this scope
[INFO] [stdout]    --> src/xterm.rs:502:9
[INFO] [stdout]     |
[INFO] [stdout] 502 |     pub priority: Option<i16>,
[INFO] [stdout]     |         ^^^^^^^^ not found in this scope
[INFO] [stdout] 
[INFO] [stdout] 
[INFO] [stdout] error[E0425]: cannot find value `js` in this scope
[INFO] [stdout]    --> src/xterm.rs:518:9
[INFO] [stdout]     |
[INFO] [stdout] 518 |     pub will_link_activate: /*Option<*/
[INFO] [stdout]     |         ^^^^^^^^^^^^^^^^^^ not found in this scope
[INFO] [stdout] 
[INFO] [stdout] 
[INFO] [stdout] error[E0425]: cannot find value `js` in this scope
[INFO] [stdout]    --> src/xterm.rs:626:9
[INFO] [stdout]     |
[INFO] [stdout] 626 |     pub start: ViewportRangePosition,
[INFO] [stdout]     |         ^^^^^ not found in this scope
[INFO] [stdout] 
[INFO] [stdout] 
[INFO] [stdout] error[E0425]: cannot find value `js` in this scope
[INFO] [stdout]    --> src/xterm.rs:630:9
[INFO] [stdout]     |
[INFO] [stdout] 630 |     pub end: ViewportRangePosition,
[INFO] [stdout]     |         ^^^ not found in this scope
[INFO] [stdout] 
[INFO] [stdout] 
[INFO] [stdout] error[E0425]: cannot find value `js` in this scope
[INFO] [stdout]    --> src/xterm.rs:648:9
[INFO] [stdout]     |
[INFO] [stdout] 648 |     pub x: u16,
[INFO] [stdout]     |         ^ not found in this scope
[INFO] [stdout] 
[INFO] [stdout] 
[INFO] [stdout] error[E0425]: cannot find value `js` in this scope
[INFO] [stdout]    --> src/xterm.rs:654:9
[INFO] [stdout]     |
[INFO] [stdout] 654 |     pub y: u16,
[INFO] [stdout]     |         ^ not found in this scope
[INFO] [stdout] 
[INFO] [stdout] 
[INFO] [stdout] error[E0425]: cannot find value `js` in this scope
[INFO] [stdout]    --> src/xterm.rs:694:9
[INFO] [stdout]     |
[INFO] [stdout] 694 |     pub fullscreen_win: Option<bool>,
[INFO] [stdout]     |         ^^^^^^^^^^^^^^ not found in this scope
[INFO] [stdout] 
[INFO] [stdout] 
[INFO] [stdout] error[E0425]: cannot find value `js` in this scope
[INFO] [stdout]    --> src/xterm.rs:701:9
[INFO] [stdout]     |
[INFO] [stdout] 701 |     pub get_cell_size_pixels: Option<bool>,
[INFO] [stdout]     |         ^^^^^^^^^^^^^^^^^^^^ not found in this scope
[INFO] [stdout] 
[INFO] [stdout] 
[INFO] [stdout] error[E0425]: cannot find value `js` in this scope
[INFO] [stdout]    --> src/xterm.rs:707:9
[INFO] [stdout]     |
[INFO] [stdout] 707 |     pub get_icon_title: Option<bool>,
[INFO] [stdout]     |         ^^^^^^^^^^^^^^ not found in this scope
[INFO] [stdout] 
[INFO] [stdout] 
[INFO] [stdout] error[E0425]: cannot find value `js` in this scope
[INFO] [stdout]    --> src/xterm.rs:714:9
[INFO] [stdout]     |
[INFO] [stdout] 714 |     pub get_screen_size_chars: Option<bool>,
[INFO] [stdout]     |         ^^^^^^^^^^^^^^^^^^^^^ not found in this scope
[INFO] [stdout] 
[INFO] [stdout] 
[INFO] [stdout] error[E0425]: cannot find value `js` in this scope
[INFO] [stdout]    --> src/xterm.rs:721:9
[INFO] [stdout]     |
[INFO] [stdout] 721 |     pub get_screen_size_pixels: Option<bool>,
[INFO] [stdout]     |         ^^^^^^^^^^^^^^^^^^^^^^ not found in this scope
[INFO] [stdout] 
[INFO] [stdout] 
[INFO] [stdout] error[E0425]: cannot find value `js` in this scope
[INFO] [stdout]    --> src/xterm.rs:728:9
[INFO] [stdout]     |
[INFO] [stdout] 728 |     pub get_win_position: Option<bool>,
[INFO] [stdout]     |         ^^^^^^^^^^^^^^^^ not found in this scope
[INFO] [stdout] 
[INFO] [stdout] 
[INFO] [stdout] error[E0425]: cannot find value `js` in this scope
[INFO] [stdout]    --> src/xterm.rs:735:9
[INFO] [stdout]     |
[INFO] [stdout] 735 |     pub get_win_size_chars: Option<bool>,
[INFO] [stdout]     |         ^^^^^^^^^^^^^^^^^^ not found in this scope
[INFO] [stdout] 
[INFO] [stdout] 
[INFO] [stdout] error[E0425]: cannot find value `js` in this scope
[INFO] [stdout]    --> src/xterm.rs:743:9
[INFO] [stdout]     |
[INFO] [stdout] 743 |     pub get_win_size_pixels: Option<bool>,
[INFO] [stdout]     |         ^^^^^^^^^^^^^^^^^^^ not found in this scope
[INFO] [stdout] 
[INFO] [stdout] 
[INFO] [stdout] error[E0425]: cannot find value `js` in this scope
[INFO] [stdout]    --> src/xterm.rs:751:9
[INFO] [stdout]     |
[INFO] [stdout] 751 |     pub get_win_state: Option<bool>,
[INFO] [stdout]     |         ^^^^^^^^^^^^^ not found in this scope
[INFO] [stdout] 
[INFO] [stdout] 
[INFO] [stdout] error[E0425]: cannot find value `js` in this scope
[INFO] [stdout]    --> src/xterm.rs:757:9
[INFO] [stdout]     |
[INFO] [stdout] 757 |     pub get_win_title: Option<bool>,
[INFO] [stdout]     |         ^^^^^^^^^^^^^ not found in this scope
[INFO] [stdout] 
[INFO] [stdout] 
[INFO] [stdout] error[E0425]: cannot find value `js` in this scope
[INFO] [stdout]    --> src/xterm.rs:763:9
[INFO] [stdout]     |
[INFO] [stdout] 763 |     pub lower_win: Option<bool>,
[INFO] [stdout]     |         ^^^^^^^^^ not found in this scope
[INFO] [stdout] 
[INFO] [stdout] 
[INFO] [stdout] error[E0425]: cannot find value `js` in this scope
[INFO] [stdout]    --> src/xterm.rs:771:9
[INFO] [stdout]     |
[INFO] [stdout] 771 |     pub maximize_win: Option<bool>,
[INFO] [stdout]     |         ^^^^^^^^^^^^ not found in this scope
[INFO] [stdout] 
[INFO] [stdout] 
[INFO] [stdout] error[E0425]: cannot find value `js` in this scope
[INFO] [stdout]    --> src/xterm.rs:777:9
[INFO] [stdout]     |
[INFO] [stdout] 777 |     pub minimize_win: Option<bool>,
[INFO] [stdout]     |         ^^^^^^^^^^^^ not found in this scope
[INFO] [stdout] 
[INFO] [stdout] 
[INFO] [stdout] error[E0425]: cannot find value `js` in this scope
[INFO] [stdout]    --> src/xterm.rs:785:9
[INFO] [stdout]     |
[INFO] [stdout] 785 |     pub pop_title: Option<bool>,
[INFO] [stdout]     |         ^^^^^^^^^ not found in this scope
[INFO] [stdout] 
[INFO] [stdout] 
[INFO] [stdout] error[E0425]: cannot find value `js` in this scope
[INFO] [stdout]    --> src/xterm.rs:792:9
[INFO] [stdout]     |
[INFO] [stdout] 792 |     pub push_title: Option<bool>,
[INFO] [stdout]     |         ^^^^^^^^^^ not found in this scope
[INFO] [stdout] 
[INFO] [stdout] 
[INFO] [stdout] error[E0425]: cannot find value `js` in this scope
[INFO] [stdout]    --> src/xterm.rs:798:9
[INFO] [stdout]     |
[INFO] [stdout] 798 |     pub raise_win: Option<bool>,
[INFO] [stdout]     |         ^^^^^^^^^ not found in this scope
[INFO] [stdout] 
[INFO] [stdout] 
[INFO] [stdout] error[E0425]: cannot find value `js` in this scope
[INFO] [stdout]    --> src/xterm.rs:802:9
[INFO] [stdout]     |
[INFO] [stdout] 802 |     pub refresh_win: Option<bool>,
[INFO] [stdout]     |         ^^^^^^^^^^^ not found in this scope
[INFO] [stdout] 
[INFO] [stdout] 
[INFO] [stdout] error[E0425]: cannot find value `js` in this scope
[INFO] [stdout]    --> src/xterm.rs:808:9
[INFO] [stdout]     |
[INFO] [stdout] 808 |     pub restore_win: Option<bool>,
[INFO] [stdout]     |         ^^^^^^^^^^^ not found in this scope
[INFO] [stdout] 
[INFO] [stdout] 
[INFO] [stdout] error[E0425]: cannot find value `js` in this scope
[INFO] [stdout]    --> src/xterm.rs:814:9
[INFO] [stdout]     |
[INFO] [stdout] 814 |     pub set_win_lines: Option<bool>,
[INFO] [stdout]     |         ^^^^^^^^^^^^^ not found in this scope
[INFO] [stdout] 
[INFO] [stdout] 
[INFO] [stdout] error[E0425]: cannot find value `js` in this scope
[INFO] [stdout]    --> src/xterm.rs:820:9
[INFO] [stdout]     |
[INFO] [stdout] 820 |     pub set_win_position: Option<bool>,
[INFO] [stdout]     |         ^^^^^^^^^^^^^^^^ not found in this scope
[INFO] [stdout] 
[INFO] [stdout] 
[INFO] [stdout] error[E0425]: cannot find value `js` in this scope
[INFO] [stdout]    --> src/xterm.rs:828:9
[INFO] [stdout]     |
[INFO] [stdout] 828 |     pub set_win_size_chars: Option<bool>,
[INFO] [stdout]     |         ^^^^^^^^^^^^^^^^^^ not found in this scope
[INFO] [stdout] 
[INFO] [stdout] 
[INFO] [stdout] error[E0425]: cannot find value `js` in this scope
[INFO] [stdout]    --> src/xterm.rs:836:9
[INFO] [stdout]     |
[INFO] [stdout] 836 |     pub set_win_size_pixels: Option<bool>,
[INFO] [stdout]     |         ^^^^^^^^^^^^^^^^^^^ not found in this scope
[INFO] [stdout] 
[INFO] [stdout] 
[INFO] [stdout] error[E0425]: cannot find value `js` in this scope
[INFO] [stdout]    --> src/xterm.rs:851:9
[INFO] [stdout]     |
[INFO] [stdout] 851 |     pub allow_proposed_api: Option<bool>,
[INFO] [stdout]     |         ^^^^^^^^^^^^^^^^^^ not found in this scope
[INFO] [stdout] 
[INFO] [stdout] 
[INFO] [stdout] error[E0425]: cannot find value `js` in this scope
[INFO] [stdout]    --> src/xterm.rs:860:9
[INFO] [stdout]     |
[INFO] [stdout] 860 |     pub allow_transparency: Option<bool>,
[INFO] [stdout]     |         ^^^^^^^^^^^^^^^^^^ not found in this scope
[INFO] [stdout] 
[INFO] [stdout] 
[INFO] [stdout] error[E0425]: cannot find value `js` in this scope
[INFO] [stdout]    --> src/xterm.rs:869:9
[INFO] [stdout]     |
[INFO] [stdout] 869 |     pub bell_style: Option<BellStyle>,
[INFO] [stdout]     |         ^^^^^^^^^^ not found in this scope
[INFO] [stdout] 
[INFO] [stdout] 
[INFO] [stdout] error[E0425]: cannot find value `js` in this scope
[INFO] [stdout]    --> src/xterm.rs:873:9
[INFO] [stdout]     |
[INFO] [stdout] 873 |     pub cols: Option<u16>,
[INFO] [stdout]     |         ^^^^ not found in this scope
[INFO] [stdout] 
[INFO] [stdout] 
[INFO] [stdout] error[E0425]: cannot find value `js` in this scope
[INFO] [stdout]    --> src/xterm.rs:882:9
[INFO] [stdout]     |
[INFO] [stdout] 882 |     pub convert_eol: Option<bool>,
[INFO] [stdout]     |         ^^^^^^^^^^^ not found in this scope
[INFO] [stdout] 
[INFO] [stdout] 
[INFO] [stdout] error[E0425]: cannot find value `js` in this scope
[INFO] [stdout]    --> src/xterm.rs:886:9
[INFO] [stdout]     |
[INFO] [stdout] 886 |     pub cursor_blink: Option<bool>,
[INFO] [stdout]     |         ^^^^^^^^^^^^ not found in this scope
[INFO] [stdout] 
[INFO] [stdout] 
[INFO] [stdout] error[E0425]: cannot find value `js` in this scope
[INFO] [stdout]    --> src/xterm.rs:890:9
[INFO] [stdout]     |
[INFO] [stdout] 890 |     pub cursor_style: Option<CursorStyle>,
[INFO] [stdout]     |         ^^^^^^^^^^^^ not found in this scope
[INFO] [stdout] 
[INFO] [stdout] 
[INFO] [stdout] error[E0425]: cannot find value `js` in this scope
[INFO] [stdout]    --> src/xterm.rs:898:9
[INFO] [stdout]     |
[INFO] [stdout] 898 |     pub cursor_width: Option<f32>,
[INFO] [stdout]     |         ^^^^^^^^^^^^ not found in this scope
[INFO] [stdout] 
[INFO] [stdout] 
[INFO] [stdout] error[E0425]: cannot find value `js` in this scope
[INFO] [stdout]    --> src/xterm.rs:902:9
[INFO] [stdout]     |
[INFO] [stdout] 902 |     pub disable_stdin: Option<bool>,
[INFO] [stdout]     |         ^^^^^^^^^^^^^ not found in this scope
[INFO] [stdout] 
[INFO] [stdout] 
[INFO] [stdout] error[E0425]: cannot find value `js` in this scope
[INFO] [stdout]    --> src/xterm.rs:906:9
[INFO] [stdout]     |
[INFO] [stdout] 906 |     pub draw_bold_text_in_bright_colors: Option<bool>,
[INFO] [stdout]     |         ^^^^^^^^^^^^^^^^^^^^^^^^^^^^^^^ not found in this scope
[INFO] [stdout] 
[INFO] [stdout] 
[INFO] [stdout] error[E0425]: cannot find value `js` in this scope
[INFO] [stdout]    --> src/xterm.rs:910:9
[INFO] [stdout]     |
[INFO] [stdout] 910 |     pub fast_scroll_modifier: Option<FastScrollModifier>,
[INFO] [stdout]     |         ^^^^^^^^^^^^^^^^^^^^ not found in this scope
[INFO] [stdout] 
[INFO] [stdout] 
[INFO] [stdout] error[E0425]: cannot find value `js` in this scope
[INFO] [stdout]    --> src/xterm.rs:914:9
[INFO] [stdout]     |
[INFO] [stdout] 914 |     pub fast_scroll_sensitivity: Option<f32>,
[INFO] [stdout]     |         ^^^^^^^^^^^^^^^^^^^^^^^ not found in this scope
[INFO] [stdout] 
[INFO] [stdout] 
[INFO] [stdout] error[E0425]: cannot find value `js` in this scope
[INFO] [stdout]    --> src/xterm.rs:922:9
[INFO] [stdout]     |
[INFO] [stdout] 922 |     pub font_size: Option<f32>,
[INFO] [stdout]     |         ^^^^^^^^^ not found in this scope
[INFO] [stdout] 
[INFO] [stdout] 
[INFO] [stdout] error[E0425]: cannot find value `js` in this scope
[INFO] [stdout]    --> src/xterm.rs:926:9
[INFO] [stdout]     |
[INFO] [stdout] 926 |     pub font_weight: Option<f32>,
[INFO] [stdout]     |         ^^^^^^^^^^^ not found in this scope
[INFO] [stdout] 
[INFO] [stdout] 
[INFO] [stdout] error[E0425]: cannot find value `js` in this scope
[INFO] [stdout]    --> src/xterm.rs:930:9
[INFO] [stdout]     |
[INFO] [stdout] 930 |     pub font_weight_bold: Option<FontWeight>,
[INFO] [stdout]     |         ^^^^^^^^^^^^^^^^ not found in this scope
[INFO] [stdout] 
[INFO] [stdout] 
[INFO] [stdout] error[E0425]: cannot find value `js` in this scope
[INFO] [stdout]    --> src/xterm.rs:934:9
[INFO] [stdout]     |
[INFO] [stdout] 934 |     pub letter_spacing: Option<u16>,
[INFO] [stdout]     |         ^^^^^^^^^^^^^^ not found in this scope
[INFO] [stdout] 
[INFO] [stdout] 
[INFO] [stdout] error[E0425]: cannot find value `js` in this scope
[INFO] [stdout]    --> src/xterm.rs:938:9
[INFO] [stdout]     |
[INFO] [stdout] 938 |     pub line_height: Option<u16>,
[INFO] [stdout]     |         ^^^^^^^^^^^ not found in this scope
[INFO] [stdout] 
[INFO] [stdout] 
[INFO] [stdout] error[E0425]: cannot find value `js` in this scope
[INFO] [stdout]    --> src/xterm.rs:948:9
[INFO] [stdout]     |
[INFO] [stdout] 948 |     pub link_tooltip_hover_duration: Option<u16>,
[INFO] [stdout]     |         ^^^^^^^^^^^^^^^^^^^^^^^^^^^ not found in this scope
[INFO] [stdout] 
[INFO] [stdout] 
[INFO] [stdout] error[E0425]: cannot find value `js` in this scope
[INFO] [stdout]    --> src/xterm.rs:958:9
[INFO] [stdout]     |
[INFO] [stdout] 958 |     pub log_level: Option<LogLevel>,
[INFO] [stdout]     |         ^^^^^^^^^ not found in this scope
[INFO] [stdout] 
[INFO] [stdout] 
[INFO] [stdout] error[E0425]: cannot find value `js` in this scope
[INFO] [stdout]    --> src/xterm.rs:966:9
[INFO] [stdout]     |
[INFO] [stdout] 966 |     pub mac_option_click_forces_selection: Option<bool>,
[INFO] [stdout]     |         ^^^^^^^^^^^^^^^^^^^^^^^^^^^^^^^^^ not found in this scope
[INFO] [stdout] 
[INFO] [stdout] 
[INFO] [stdout] error[E0425]: cannot find value `js` in this scope
[INFO] [stdout]    --> src/xterm.rs:970:9
[INFO] [stdout]     |
[INFO] [stdout] 970 |     pub mac_option_is_meta: Option<bool>,
[INFO] [stdout]     |         ^^^^^^^^^^^^^^^^^^ not found in this scope
[INFO] [stdout] 
[INFO] [stdout] 
[INFO] [stdout] error[E0425]: cannot find value `js` in this scope
[INFO] [stdout]    --> src/xterm.rs:980:9
[INFO] [stdout]     |
[INFO] [stdout] 980 |     pub minimum_contrast_ratio: Option<f32>,
[INFO] [stdout]     |         ^^^^^^^^^^^^^^^^^^^^^^ not found in this scope
[INFO] [stdout] 
[INFO] [stdout] 
[INFO] [stdout] error[E0425]: cannot find value `js` in this scope
[INFO] [stdout]    --> src/xterm.rs:988:9
[INFO] [stdout]     |
[INFO] [stdout] 988 |     pub renderer_type: Option<RendererType>,
[INFO] [stdout]     |         ^^^^^^^^^^^^^ not found in this scope
[INFO] [stdout] 
[INFO] [stdout] 
[INFO] [stdout] error[E0425]: cannot find value `js` in this scope
[INFO] [stdout]    --> src/xterm.rs:993:9
[INFO] [stdout]     |
[INFO] [stdout] 993 |     pub right_click_selects_word: Option<bool>,
[INFO] [stdout]     |         ^^^^^^^^^^^^^^^^^^^^^^^^ not found in this scope
[INFO] [stdout] 
[INFO] [stdout] 
[INFO] [stdout] error[E0425]: cannot find value `js` in this scope
[INFO] [stdout]    --> src/xterm.rs:997:9
[INFO] [stdout]     |
[INFO] [stdout] 997 |     pub rows: Option<u16>,
[INFO] [stdout]     |         ^^^^ not found in this scope
[INFO] [stdout] 
[INFO] [stdout] 
[INFO] [stdout] error[E0425]: cannot find value `js` in this scope
[INFO] [stdout]     --> src/xterm.rs:1003:9
[INFO] [stdout]      |
[INFO] [stdout] 1003 |     pub screen_reader_mode: Option<bool>,
[INFO] [stdout]      |         ^^^^^^^^^^^^^^^^^^ not found in this scope
[INFO] [stdout] 
[INFO] [stdout] 
[INFO] [stdout] error[E0425]: cannot find value `js` in this scope
[INFO] [stdout]     --> src/xterm.rs:1008:9
[INFO] [stdout]      |
[INFO] [stdout] 1008 |     pub scroll_sensitivity: Option<f32>,
[INFO] [stdout]      |         ^^^^^^^^^^^^^^^^^^ not found in this scope
[INFO] [stdout] 
[INFO] [stdout] 
[INFO] [stdout] error[E0425]: cannot find value `js` in this scope
[INFO] [stdout]     --> src/xterm.rs:1014:9
[INFO] [stdout]      |
[INFO] [stdout] 1014 |     pub scrollback: Option<u32>,
[INFO] [stdout]      |         ^^^^^^^^^^ not found in this scope
[INFO] [stdout] 
[INFO] [stdout] 
[INFO] [stdout] error[E0425]: cannot find value `js` in this scope
[INFO] [stdout]     --> src/xterm.rs:1018:9
[INFO] [stdout]      |
[INFO] [stdout] 1018 |     pub tab_stop_width: Option<u16>,
[INFO] [stdout]      |         ^^^^^^^^^^^^^^ not found in this scope
[INFO] [stdout] 
[INFO] [stdout] 
[INFO] [stdout] error[E0425]: cannot find value `js` in this scope
[INFO] [stdout]     --> src/xterm.rs:1038:9
[INFO] [stdout]      |
[INFO] [stdout] 1038 |     pub windows_mode: Option<bool>,
[INFO] [stdout]      |         ^^^^^^^^^^^^ not found in this scope
[INFO] [stdout] 
[INFO] [stdout] 
[INFO] [stdout] warning: lint `const_err` has been removed: converted into hard error, see issue #71800 <https://github.com/rust-lang/rust/issues/71800> for more information
[INFO] [stdout]   --> src/lib.rs:18:5
[INFO] [stdout]    |
[INFO] [stdout] 18 |     const_err,
[INFO] [stdout]    |     ^^^^^^^^^
[INFO] [stdout]    |
[INFO] [stdout]    = note: `#[warn(renamed_and_removed_lints)]` on by default
[INFO] [stdout] 
[INFO] [stdout] 
[INFO] [stdout] warning: lint `intra_doc_link_resolution_failure` has been removed: use `rustdoc::broken_intra_doc_links` instead
[INFO] [stdout]   --> src/lib.rs:38:5
[INFO] [stdout]    |
[INFO] [stdout] 38 |     intra_doc_link_resolution_failure,
[INFO] [stdout]    |     ^^^^^^^^^^^^^^^^^^^^^^^^^^^^^^^^^
[INFO] [stdout] 
[INFO] [stdout] 
[INFO] [stdout] error: declaration of an `unsafe` function
[INFO] [stdout]     --> src/xterm.rs:1072:12
[INFO] [stdout]      |
[INFO] [stdout] 1072 |     pub fn get_bg_color(this: &BufferCell) -> Color;
[INFO] [stdout]      |            ^^^^^^^^^^^^
[INFO] [stdout]      |
[INFO] [stdout] note: the lint level is defined here
[INFO] [stdout]     --> src/lib.rs:40:5
[INFO] [stdout]      |
[INFO] [stdout] 40   |     unsafe_code,
[INFO] [stdout]      |     ^^^^^^^^^^^
[INFO] [stdout] 
[INFO] [stdout] 
[INFO] [stdout] error: declaration of an `unsafe` function
[INFO] [stdout]     --> src/xterm.rs:1083:12
[INFO] [stdout]      |
[INFO] [stdout] 1083 |     pub fn get_bg_color_mode(this: &BufferCell) -> u8;
[INFO] [stdout]      |            ^^^^^^^^^^^^^^^^^
[INFO] [stdout] 
[INFO] [stdout] 
[INFO] [stdout] error: declaration of an `unsafe` function
[INFO] [stdout]     --> src/xterm.rs:1090:12
[INFO] [stdout]      |
[INFO] [stdout] 1090 |     pub fn get_chars(this: &BufferCell) -> Str;
[INFO] [stdout]      |            ^^^^^^^^^
[INFO] [stdout] 
[INFO] [stdout] 
[INFO] [stdout] error: declaration of an `unsafe` function
[INFO] [stdout]     --> src/xterm.rs:1095:12
[INFO] [stdout]      |
[INFO] [stdout] 1095 |     pub fn get_code(this: &BufferCell) -> u32;
[INFO] [stdout]      |            ^^^^^^^^
[INFO] [stdout] 
[INFO] [stdout] 
[INFO] [stdout] error: declaration of an `unsafe` function
[INFO] [stdout]     --> src/xterm.rs:1106:12
[INFO] [stdout]      |
[INFO] [stdout] 1106 |     pub fn get_fg_color(this: &BufferCell) -> Color;
[INFO] [stdout]      |            ^^^^^^^^^^^^
[INFO] [stdout] 
[INFO] [stdout] 
[INFO] [stdout] error: declaration of an `unsafe` function
[INFO] [stdout]     --> src/xterm.rs:1117:12
[INFO] [stdout]      |
[INFO] [stdout] 1117 |     pub fn get_fg_color_mode(this: &BufferCell) -> u8;
[INFO] [stdout]      |            ^^^^^^^^^^^^^^^^^
[INFO] [stdout] 
[INFO] [stdout] 
[INFO] [stdout] error: declaration of an `unsafe` function
[INFO] [stdout]     --> src/xterm.rs:1124:12
[INFO] [stdout]      |
[INFO] [stdout] 1124 |     pub fn get_width(this: &BufferCell) -> u8;
[INFO] [stdout]      |            ^^^^^^^^^
[INFO] [stdout] 
[INFO] [stdout] 
[INFO] [stdout] error: declaration of an `unsafe` function
[INFO] [stdout]     --> src/xterm.rs:1128:12
[INFO] [stdout]      |
[INFO] [stdout] 1128 |     pub fn is_attribute_default(this: &BufferCell) -> bool;
[INFO] [stdout]      |            ^^^^^^^^^^^^^^^^^^^^
[INFO] [stdout] 
[INFO] [stdout] 
[INFO] [stdout] error: declaration of an `unsafe` function
[INFO] [stdout]     --> src/xterm.rs:1132:12
[INFO] [stdout]      |
[INFO] [stdout] 1132 |     pub fn is_bg_default(this: &BufferCell) -> bool;
[INFO] [stdout]      |            ^^^^^^^^^^^^^
[INFO] [stdout] 
[INFO] [stdout] 
[INFO] [stdout] error: declaration of an `unsafe` function
[INFO] [stdout]     --> src/xterm.rs:1136:12
[INFO] [stdout]      |
[INFO] [stdout] 1136 |     pub fn is_bg_palette(this: &BufferCell) -> bool;
[INFO] [stdout]      |            ^^^^^^^^^^^^^
[INFO] [stdout] 
[INFO] [stdout] 
[INFO] [stdout] error: declaration of an `unsafe` function
[INFO] [stdout]     --> src/xterm.rs:1140:12
[INFO] [stdout]      |
[INFO] [stdout] 1140 |     pub fn is_bg_rgb(this: &BufferCell) -> bool;
[INFO] [stdout]      |            ^^^^^^^^^
[INFO] [stdout] 
[INFO] [stdout] 
[INFO] [stdout] error: declaration of an `unsafe` function
[INFO] [stdout]     --> src/xterm.rs:1145:12
[INFO] [stdout]      |
[INFO] [stdout] 1145 |     pub fn is_blink(this: &BufferCell) -> bool;
[INFO] [stdout]      |            ^^^^^^^^
[INFO] [stdout] 
[INFO] [stdout] 
[INFO] [stdout] error: declaration of an `unsafe` function
[INFO] [stdout]     --> src/xterm.rs:1150:12
[INFO] [stdout]      |
[INFO] [stdout] 1150 |     pub fn is_bold(this: &BufferCell) -> bool;
[INFO] [stdout]      |            ^^^^^^^
[INFO] [stdout] 
[INFO] [stdout] 
[INFO] [stdout] error: declaration of an `unsafe` function
[INFO] [stdout]     --> src/xterm.rs:1155:12
[INFO] [stdout]      |
[INFO] [stdout] 1155 |     pub fn is_dim(this: &BufferCell) -> bool;
[INFO] [stdout]      |            ^^^^^^
[INFO] [stdout] 
[INFO] [stdout] 
[INFO] [stdout] error: declaration of an `unsafe` function
[INFO] [stdout]     --> src/xterm.rs:1159:12
[INFO] [stdout]      |
[INFO] [stdout] 1159 |     pub fn is_fg_default(this: &BufferCell) -> bool;
[INFO] [stdout]      |            ^^^^^^^^^^^^^
[INFO] [stdout] 
[INFO] [stdout] 
[INFO] [stdout] error: declaration of an `unsafe` function
[INFO] [stdout]     --> src/xterm.rs:1163:12
[INFO] [stdout]      |
[INFO] [stdout] 1163 |     pub fn is_fg_palette(this: &BufferCell) -> bool;
[INFO] [stdout]      |            ^^^^^^^^^^^^^
[INFO] [stdout] 
[INFO] [stdout] 
[INFO] [stdout] error: declaration of an `unsafe` function
[INFO] [stdout]     --> src/xterm.rs:1167:12
[INFO] [stdout]      |
[INFO] [stdout] 1167 |     pub fn is_fg_rgb(this: &BufferCell) -> bool;
[INFO] [stdout]      |            ^^^^^^^^^
[INFO] [stdout] 
[INFO] [stdout] 
[INFO] [stdout] error: declaration of an `unsafe` function
[INFO] [stdout]     --> src/xterm.rs:1172:12
[INFO] [stdout]      |
[INFO] [stdout] 1172 |     pub fn is_inverse(this: &BufferCell) -> bool;
[INFO] [stdout]      |            ^^^^^^^^^^
[INFO] [stdout] 
[INFO] [stdout] 
[INFO] [stdout] error: declaration of an `unsafe` function
[INFO] [stdout]     --> src/xterm.rs:1177:12
[INFO] [stdout]      |
[INFO] [stdout] 1177 |     pub fn is_invisible(this: &BufferCell) -> bool;
[INFO] [stdout]      |            ^^^^^^^^^^^^
[INFO] [stdout] 
[INFO] [stdout] 
[INFO] [stdout] error: declaration of an `unsafe` function
[INFO] [stdout]     --> src/xterm.rs:1182:12
[INFO] [stdout]      |
[INFO] [stdout] 1182 |     pub fn is_italic(this: &BufferCell) -> bool;
[INFO] [stdout]      |            ^^^^^^^^^
[INFO] [stdout] 
[INFO] [stdout] 
[INFO] [stdout] error: declaration of an `unsafe` function
[INFO] [stdout]     --> src/xterm.rs:1187:12
[INFO] [stdout]      |
[INFO] [stdout] 1187 |     pub fn is_underline(this: &BufferCell) -> bool;
[INFO] [stdout]      |            ^^^^^^^^^^^^
[INFO] [stdout] 
[INFO] [stdout] 
[INFO] [stdout] error: declaration of an `unsafe` function
[INFO] [stdout]     --> src/xterm.rs:1201:12
[INFO] [stdout]      |
[INFO] [stdout] 1201 |     pub fn is_wrapped(this: &BufferLine) -> bool;
[INFO] [stdout]      |            ^^^^^^^^^^
[INFO] [stdout] 
[INFO] [stdout] 
[INFO] [stdout] error: declaration of an `unsafe` function
[INFO] [stdout]     --> src/xterm.rs:1210:12
[INFO] [stdout]      |
[INFO] [stdout] 1210 |     pub fn length(this: &BufferLine) -> u16;
[INFO] [stdout]      |            ^^^^^^
[INFO] [stdout] 
[INFO] [stdout] 
[INFO] [stdout] error: declaration of an `unsafe` function
[INFO] [stdout]     --> src/xterm.rs:1226:12
[INFO] [stdout]      |
[INFO] [stdout] 1226 |     pub fn get_cell(
[INFO] [stdout]      |            ^^^^^^^^
[INFO] [stdout] 
[INFO] [stdout] 
[INFO] [stdout] error: declaration of an `unsafe` function
[INFO] [stdout]     --> src/xterm.rs:1242:12
[INFO] [stdout]      |
[INFO] [stdout] 1242 |     pub fn translate_to_string(
[INFO] [stdout]      |            ^^^^^^^^^^^^^^^^^^^
[INFO] [stdout] 
[INFO] [stdout] 
[INFO] [stdout] error: declaration of an `unsafe` function
[INFO] [stdout]     --> src/xterm.rs:1263:12
[INFO] [stdout]      |
[INFO] [stdout] 1263 |     pub fn base_y(this: &Buffer) -> u16;
[INFO] [stdout]      |            ^^^^^^
[INFO] [stdout] 
[INFO] [stdout] 
[INFO] [stdout] error: declaration of an `unsafe` function
[INFO] [stdout]     --> src/xterm.rs:1270:12
[INFO] [stdout]      |
[INFO] [stdout] 1270 |     pub fn cursor_x(this: &Buffer) -> u16;
[INFO] [stdout]      |            ^^^^^^^^
[INFO] [stdout] 
[INFO] [stdout] 
[INFO] [stdout] error: declaration of an `unsafe` function
[INFO] [stdout]     --> src/xterm.rs:1279:12
[INFO] [stdout]      |
[INFO] [stdout] 1279 |     pub fn cursor_y(this: &Buffer) -> u16;
[INFO] [stdout]      |            ^^^^^^^^
[INFO] [stdout] 
[INFO] [stdout] 
[INFO] [stdout] error: declaration of an `unsafe` function
[INFO] [stdout]     --> src/xterm.rs:1283:12
[INFO] [stdout]      |
[INFO] [stdout] 1283 |     pub fn length(this: &Buffer) -> u32;
[INFO] [stdout]      |            ^^^^^^
[INFO] [stdout] 
[INFO] [stdout] 
[INFO] [stdout] error: declaration of an `unsafe` function
[INFO] [stdout]     --> src/xterm.rs:1287:12
[INFO] [stdout]      |
[INFO] [stdout] 1287 |     pub fn viewport_y(this: &Buffer) -> u16;
[INFO] [stdout]      |            ^^^^^^^^^^
[INFO] [stdout] 
[INFO] [stdout] 
[INFO] [stdout] error: declaration of an `unsafe` function
[INFO] [stdout]     --> src/xterm.rs:1298:12
[INFO] [stdout]      |
[INFO] [stdout] 1298 |     pub fn get_line(this: &Buffer, y: u32) -> Option<BufferLine>;
[INFO] [stdout]      |            ^^^^^^^^
[INFO] [stdout] 
[INFO] [stdout] 
[INFO] [stdout] error: declaration of an `unsafe` function
[INFO] [stdout]     --> src/xterm.rs:1306:12
[INFO] [stdout]      |
[INFO] [stdout] 1306 |     pub fn get_null_cell(this: &Buffer) -> BufferCell;
[INFO] [stdout]      |            ^^^^^^^^^^^^^
[INFO] [stdout] 
[INFO] [stdout] 
[INFO] [stdout] error: declaration of an `unsafe` function
[INFO] [stdout]     --> src/xterm.rs:1310:12
[INFO] [stdout]      |
[INFO] [stdout] 1310 |     pub fn r#type(this: &Buffer) -> BufferType;
[INFO] [stdout]      |            ^^^^^^
[INFO] [stdout] 
[INFO] [stdout] 
[INFO] [stdout] error: declaration of an `unsafe` function
[INFO] [stdout]     --> src/xterm.rs:1329:12
[INFO] [stdout]      |
[INFO] [stdout] 1329 |     pub fn active(this: &BufferNamespace) -> Buffer;
[INFO] [stdout]      |            ^^^^^^
[INFO] [stdout] 
[INFO] [stdout] 
[INFO] [stdout] error: declaration of an `unsafe` function
[INFO] [stdout]     --> src/xterm.rs:1334:12
[INFO] [stdout]      |
[INFO] [stdout] 1334 |     pub fn alternate(this: &BufferNamespace) -> Buffer;
[INFO] [stdout]      |            ^^^^^^^^^
[INFO] [stdout] 
[INFO] [stdout] 
[INFO] [stdout] error: declaration of an `unsafe` function
[INFO] [stdout]     --> src/xterm.rs:1338:12
[INFO] [stdout]      |
[INFO] [stdout] 1338 |     pub fn normal(this: &BufferNamespace) -> Buffer;
[INFO] [stdout]      |            ^^^^^^
[INFO] [stdout] 
[INFO] [stdout] 
[INFO] [stdout] error: declaration of an `unsafe` function
[INFO] [stdout]     --> src/xterm.rs:1349:12
[INFO] [stdout]      |
[INFO] [stdout] 1349 |     pub fn on_buffer_change(
[INFO] [stdout]      |            ^^^^^^^^^^^^^^^^
[INFO] [stdout] 
[INFO] [stdout] 
[INFO] [stdout] error: declaration of an `unsafe` function
[INFO] [stdout]     --> src/xterm.rs:1373:12
[INFO] [stdout]      |
[INFO] [stdout] 1373 |     pub fn dispose(this: &Disposable);
[INFO] [stdout]      |            ^^^^^^^
[INFO] [stdout] 
[INFO] [stdout] 
[INFO] [stdout] error: declaration of an `unsafe` function
[INFO] [stdout]     --> src/xterm.rs:1391:12
[INFO] [stdout]      |
[INFO] [stdout] 1391 |     pub fn id(this: &Marker) -> u32;
[INFO] [stdout]      |            ^^
[INFO] [stdout] 
[INFO] [stdout] 
[INFO] [stdout] error: declaration of an `unsafe` function
[INFO] [stdout]     --> src/xterm.rs:1395:12
[INFO] [stdout]      |
[INFO] [stdout] 1395 |     pub fn is_disposed(this: &Marker) -> bool;
[INFO] [stdout]      |            ^^^^^^^^^^^
[INFO] [stdout] 
[INFO] [stdout] 
[INFO] [stdout] error: declaration of an `unsafe` function
[INFO] [stdout]     --> src/xterm.rs:1405:12
[INFO] [stdout]      |
[INFO] [stdout] 1405 |     pub fn line(this: &Marker) -> i32;
[INFO] [stdout]      |            ^^^^
[INFO] [stdout] 
[INFO] [stdout] 
[INFO] [stdout] error: declaration of an `unsafe` function
[INFO] [stdout]     --> src/xterm.rs:1425:12
[INFO] [stdout]      |
[INFO] [stdout] 1425 |     pub fn start_column(this: &SelectionPosition) -> u16;
[INFO] [stdout]      |            ^^^^^^^^^^^^
[INFO] [stdout] 
[INFO] [stdout] 
[INFO] [stdout] error: declaration of an `unsafe` function
[INFO] [stdout]     --> src/xterm.rs:1429:12
[INFO] [stdout]      |
[INFO] [stdout] 1429 |     pub fn start_row(this: &SelectionPosition) -> u32;
[INFO] [stdout]      |            ^^^^^^^^^
[INFO] [stdout] 
[INFO] [stdout] 
[INFO] [stdout] error: declaration of an `unsafe` function
[INFO] [stdout]     --> src/xterm.rs:1433:12
[INFO] [stdout]      |
[INFO] [stdout] 1433 |     pub fn end_column(this: &SelectionPosition) -> u16;
[INFO] [stdout]      |            ^^^^^^^^^^
[INFO] [stdout] 
[INFO] [stdout] 
[INFO] [stdout] error: declaration of an `unsafe` function
[INFO] [stdout]     --> src/xterm.rs:1437:12
[INFO] [stdout]      |
[INFO] [stdout] 1437 |     pub fn end_row(this: &SelectionPosition) -> u32;
[INFO] [stdout]      |            ^^^^^^^
[INFO] [stdout] 
[INFO] [stdout] 
[INFO] [stdout] error: declaration of an `unsafe` function
[INFO] [stdout]     --> src/xterm.rs:1457:12
[INFO] [stdout]      |
[INFO] [stdout] 1457 |     pub fn prompt_label(this: &LocalizableStrings) -> Str;
[INFO] [stdout]      |            ^^^^^^^^^^^^
[INFO] [stdout] 
[INFO] [stdout] 
[INFO] [stdout] error: declaration of an `unsafe` function
[INFO] [stdout]     --> src/xterm.rs:1462:12
[INFO] [stdout]      |
[INFO] [stdout] 1462 |     pub fn too_much_outut(this: &LocalizableStrings) -> Str;
[INFO] [stdout]      |            ^^^^^^^^^^^^^^
[INFO] [stdout] 
[INFO] [stdout] 
[INFO] [stdout] error: declaration of an `unsafe` function
[INFO] [stdout]     --> src/xterm.rs:1480:12
[INFO] [stdout]      |
[INFO] [stdout] 1480 |     pub fn activate(this: &TerminalAddon, terminal: Terminal);
[INFO] [stdout]      |            ^^^^^^^^
[INFO] [stdout] 
[INFO] [stdout] 
[INFO] [stdout] error: declaration of an `unsafe` function
[INFO] [stdout]     --> src/xterm.rs:1497:12
[INFO] [stdout]      |
[INFO] [stdout] 1497 |     pub fn register(this: &UnicodeHandling, provider: UnicodeVersionProvider);
[INFO] [stdout]      |            ^^^^^^^^
[INFO] [stdout] 
[INFO] [stdout] 
[INFO] [stdout] error: declaration of an `unsafe` function
[INFO] [stdout]     --> src/xterm.rs:1511:12
[INFO] [stdout]      |
[INFO] [stdout] 1511 |     pub fn versions(this: &UnicodeHandling) -> ReadOnlyArray<js_sys::JsString>;
[INFO] [stdout]      |            ^^^^^^^^
[INFO] [stdout] 
[INFO] [stdout] 
[INFO] [stdout] error: declaration of an `unsafe` function
[INFO] [stdout]     --> src/xterm.rs:1519:12
[INFO] [stdout]      |
[INFO] [stdout] 1519 |     pub fn active_version(this: &UnicodeHandling) -> Str;
[INFO] [stdout]      |            ^^^^^^^^^^^^^^
[INFO] [stdout] 
[INFO] [stdout] 
[INFO] [stdout] error: declaration of an `unsafe` function
[INFO] [stdout]     --> src/xterm.rs:1523:12
[INFO] [stdout]      |
[INFO] [stdout] 1523 |     pub fn set_active_version(this: &UnicodeHandling, version: Str);
[INFO] [stdout]      |            ^^^^^^^^^^^^^^^^^^
[INFO] [stdout] 
[INFO] [stdout] 
[INFO] [stdout] error: declaration of an `unsafe` function
[INFO] [stdout]     --> src/xterm.rs:1543:12
[INFO] [stdout]      |
[INFO] [stdout] 1543 |     pub fn version(this: &UnicodeVersionProvider) -> Str;
[INFO] [stdout]      |            ^^^^^^^
[INFO] [stdout] 
[INFO] [stdout] 
[INFO] [stdout] error: declaration of an `unsafe` function
[INFO] [stdout]     --> src/xterm.rs:1547:12
[INFO] [stdout]      |
[INFO] [stdout] 1547 |     pub fn wcwidth(
[INFO] [stdout]      |            ^^^^^^^
[INFO] [stdout] 
[INFO] [stdout] 
[INFO] [stdout] error: declaration of an `unsafe` function
[INFO] [stdout]     --> src/xterm.rs:1568:12
[INFO] [stdout]      |
[INFO] [stdout] 1568 |     pub fn key(this: &KeyEventData) -> Str;
[INFO] [stdout]      |            ^^^
[INFO] [stdout] 
[INFO] [stdout] 
[INFO] [stdout] error: declaration of an `unsafe` function
[INFO] [stdout]     --> src/xterm.rs:1574:12
[INFO] [stdout]      |
[INFO] [stdout] 1574 |     pub fn dom_event(this: &KeyEventData) -> web_sys::KeyboardEvent;
[INFO] [stdout]      |            ^^^^^^^^^
[INFO] [stdout] 
[INFO] [stdout] 
[INFO] [stdout] error: declaration of an `unsafe` function
[INFO] [stdout]     --> src/xterm.rs:1593:12
[INFO] [stdout]      |
[INFO] [stdout] 1593 |     pub fn start(this: &RenderEventData) -> u16;
[INFO] [stdout]      |            ^^^^^
[INFO] [stdout] 
[INFO] [stdout] 
[INFO] [stdout] error: declaration of an `unsafe` function
[INFO] [stdout]     --> src/xterm.rs:1599:12
[INFO] [stdout]      |
[INFO] [stdout] 1599 |     pub fn end(this: &RenderEventData) -> u16;
[INFO] [stdout]      |            ^^^
[INFO] [stdout] 
[INFO] [stdout] 
[INFO] [stdout] error: declaration of an `unsafe` function
[INFO] [stdout]     --> src/xterm.rs:1616:12
[INFO] [stdout]      |
[INFO] [stdout] 1616 |     pub fn cols(this: &ResizeEventData) -> u16;
[INFO] [stdout]      |            ^^^^
[INFO] [stdout] 
[INFO] [stdout] 
[INFO] [stdout] error: declaration of an `unsafe` function
[INFO] [stdout]     --> src/xterm.rs:1620:12
[INFO] [stdout]      |
[INFO] [stdout] 1620 |     pub fn rows(this: &ResizeEventData) -> u16;
[INFO] [stdout]      |            ^^^^
[INFO] [stdout] 
[INFO] [stdout] 
[INFO] [stdout] error: declaration of an `unsafe` function
[INFO] [stdout]     --> src/xterm.rs:1634:12
[INFO] [stdout]      |
[INFO] [stdout] 1634 |     pub fn new(options: Option<TerminalOptions>) -> Terminal;
[INFO] [stdout]      |            ^^^
[INFO] [stdout] 
[INFO] [stdout] 
[INFO] [stdout] error: declaration of an `unsafe` function
[INFO] [stdout]     --> src/xterm.rs:1642:12
[INFO] [stdout]      |
[INFO] [stdout] 1642 |     pub fn buffer(this: &Terminal) -> BufferNamespace;
[INFO] [stdout]      |            ^^^^^^
[INFO] [stdout] 
[INFO] [stdout] 
[INFO] [stdout] error: declaration of an `unsafe` function
[INFO] [stdout]     --> src/xterm.rs:1650:12
[INFO] [stdout]      |
[INFO] [stdout] 1650 |     pub fn cols(this: &Terminal) -> u16;
[INFO] [stdout]      |            ^^^^
[INFO] [stdout] 
[INFO] [stdout] 
[INFO] [stdout] error: declaration of an `unsafe` function
[INFO] [stdout]     --> src/xterm.rs:1654:12
[INFO] [stdout]      |
[INFO] [stdout] 1654 |     pub fn element(this: &Terminal) -> Option<web_sys::Element>;
[INFO] [stdout]      |            ^^^^^^^
[INFO] [stdout] 
[INFO] [stdout] 
[INFO] [stdout] error: declaration of an `unsafe` function
[INFO] [stdout]     --> src/xterm.rs:1661:12
[INFO] [stdout]      |
[INFO] [stdout] 1661 |     pub fn markers(this: &Terminal) -> ReadOnlyArray<Marker>;
[INFO] [stdout]      |            ^^^^^^^
[INFO] [stdout] 
[INFO] [stdout] 
[INFO] [stdout] error: declaration of an `unsafe` function
[INFO] [stdout]     --> src/xterm.rs:1678:12
[INFO] [stdout]      |
[INFO] [stdout] 1678 |     pub fn on_binary(
[INFO] [stdout]      |            ^^^^^^^^^
[INFO] [stdout] 
[INFO] [stdout] 
[INFO] [stdout] error: declaration of an `unsafe` function
[INFO] [stdout]     --> src/xterm.rs:1692:12
[INFO] [stdout]      |
[INFO] [stdout] 1692 |     pub fn on_cursor_move(
[INFO] [stdout]      |            ^^^^^^^^^^^^^^
[INFO] [stdout] 
[INFO] [stdout] 
[INFO] [stdout] error: declaration of an `unsafe` function
[INFO] [stdout]     --> src/xterm.rs:1710:12
[INFO] [stdout]      |
[INFO] [stdout] 1710 |     pub fn on_data(
[INFO] [stdout]      |            ^^^^^^^
[INFO] [stdout] 
[INFO] [stdout] 
[INFO] [stdout] error: declaration of an `unsafe` function
[INFO] [stdout]     --> src/xterm.rs:1728:12
[INFO] [stdout]      |
[INFO] [stdout] 1728 |     pub fn on_key(
[INFO] [stdout]      |            ^^^^^^
[INFO] [stdout] 
[INFO] [stdout] 
[INFO] [stdout] error: declaration of an `unsafe` function
[INFO] [stdout]     --> src/xterm.rs:1742:12
[INFO] [stdout]      |
[INFO] [stdout] 1742 |     pub fn on_line_feed(
[INFO] [stdout]      |            ^^^^^^^^^^^^
[INFO] [stdout] 
[INFO] [stdout] 
[INFO] [stdout] error: declaration of an `unsafe` function
[INFO] [stdout]     --> src/xterm.rs:1759:12
[INFO] [stdout]      |
[INFO] [stdout] 1759 |     pub fn on_render(
[INFO] [stdout]      |            ^^^^^^^^^
[INFO] [stdout] 
[INFO] [stdout] 
[INFO] [stdout] error: declaration of an `unsafe` function
[INFO] [stdout]     --> src/xterm.rs:1775:12
[INFO] [stdout]      |
[INFO] [stdout] 1775 |     pub fn on_resize(
[INFO] [stdout]      |            ^^^^^^^^^
[INFO] [stdout] 
[INFO] [stdout] 
[INFO] [stdout] error: declaration of an `unsafe` function
[INFO] [stdout]     --> src/xterm.rs:1792:12
[INFO] [stdout]      |
[INFO] [stdout] 1792 |     pub fn on_scroll(
[INFO] [stdout]      |            ^^^^^^^^^
[INFO] [stdout] 
[INFO] [stdout] 
[INFO] [stdout] error: declaration of an `unsafe` function
[INFO] [stdout]     --> src/xterm.rs:1806:12
[INFO] [stdout]      |
[INFO] [stdout] 1806 |     pub fn on_selection_change(
[INFO] [stdout]      |            ^^^^^^^^^^^^^^^^^^^
[INFO] [stdout] 
[INFO] [stdout] 
[INFO] [stdout] error: declaration of an `unsafe` function
[INFO] [stdout]     --> src/xterm.rs:1822:12
[INFO] [stdout]      |
[INFO] [stdout] 1822 |     pub fn on_title_change(
[INFO] [stdout]      |            ^^^^^^^^^^^^^^^
[INFO] [stdout] 
[INFO] [stdout] 
[INFO] [stdout] error: declaration of an `unsafe` function
[INFO] [stdout]     --> src/xterm.rs:1842:12
[INFO] [stdout]      |
[INFO] [stdout] 1842 |     pub fn rows(this: &Terminal) -> u16;
[INFO] [stdout]      |            ^^^^
[INFO] [stdout] 
[INFO] [stdout] 
[INFO] [stdout] error: declaration of an `unsafe` function
[INFO] [stdout]     --> src/xterm.rs:1848:12
[INFO] [stdout]      |
[INFO] [stdout] 1848 |     pub fn textarea(this: &Terminal) -> Option<web_sys::HtmlTextAreaElement>;
[INFO] [stdout]      |            ^^^^^^^^
[INFO] [stdout] 
[INFO] [stdout] 
[INFO] [stdout] error: declaration of an `unsafe` function
[INFO] [stdout]     --> src/xterm.rs:1855:12
[INFO] [stdout]      |
[INFO] [stdout] 1855 |     pub fn unicode(this: &Terminal) -> UnicodeHandling;
[INFO] [stdout]      |            ^^^^^^^
[INFO] [stdout] 
[INFO] [stdout] 
[INFO] [stdout] error: declaration of an `unsafe` function
[INFO] [stdout]     --> src/xterm.rs:1859:12
[INFO] [stdout]      |
[INFO] [stdout] 1859 |     pub fn strings(this: &Terminal) -> LocalizableStrings;
[INFO] [stdout]      |            ^^^^^^^
[INFO] [stdout] 
[INFO] [stdout] 
[INFO] [stdout] error: declaration of an `unsafe` function
[INFO] [stdout]     --> src/xterm.rs:1889:12
[INFO] [stdout]      |
[INFO] [stdout] 1889 |     pub fn blur(this: &Terminal);
[INFO] [stdout]      |            ^^^^
[INFO] [stdout] 
[INFO] [stdout] 
[INFO] [stdout] error: declaration of an `unsafe` function
[INFO] [stdout]     --> src/xterm.rs:1893:12
[INFO] [stdout]      |
[INFO] [stdout] 1893 |     pub fn clear(this: &Terminal);
[INFO] [stdout]      |            ^^^^^
[INFO] [stdout] 
[INFO] [stdout] 
[INFO] [stdout] error: declaration of an `unsafe` function
[INFO] [stdout]     --> src/xterm.rs:1897:12
[INFO] [stdout]      |
[INFO] [stdout] 1897 |     pub fn clear_selection(this: &Terminal);
[INFO] [stdout]      |            ^^^^^^^^^^^^^^^
[INFO] [stdout] 
[INFO] [stdout] 
[INFO] [stdout] error: declaration of an `unsafe` function
[INFO] [stdout]     --> src/xterm.rs:1922:12
[INFO] [stdout]      |
[INFO] [stdout] 1922 |     pub fn focus(this: &Terminal);
[INFO] [stdout]      |            ^^^^^
[INFO] [stdout] 
[INFO] [stdout] 
[INFO] [stdout] error: declaration of an `unsafe` function
[INFO] [stdout]     --> src/xterm.rs:1958:12
[INFO] [stdout]      |
[INFO] [stdout] 1958 |     pub fn get_selection(this: &Terminal) -> Str;
[INFO] [stdout]      |            ^^^^^^^^^^^^^
[INFO] [stdout] 
[INFO] [stdout] 
[INFO] [stdout] error: declaration of an `unsafe` function
[INFO] [stdout]     --> src/xterm.rs:1962:12
[INFO] [stdout]      |
[INFO] [stdout] 1962 |     pub fn get_selection_position(this: &Terminal)
[INFO] [stdout]      |            ^^^^^^^^^^^^^^^^^^^^^^
[INFO] [stdout] 
[INFO] [stdout] 
[INFO] [stdout] error: declaration of an `unsafe` function
[INFO] [stdout]     --> src/xterm.rs:1967:12
[INFO] [stdout]      |
[INFO] [stdout] 1967 |     pub fn has_selection(this: &Terminal) -> bool;
[INFO] [stdout]      |            ^^^^^^^^^^^^^
[INFO] [stdout] 
[INFO] [stdout] 
[INFO] [stdout] error: declaration of an `unsafe` function
[INFO] [stdout]     --> src/xterm.rs:1979:12
[INFO] [stdout]      |
[INFO] [stdout] 1979 |     pub fn load_addon(this: &Terminal, addon: TerminalAddon);
[INFO] [stdout]      |            ^^^^^^^^^^
[INFO] [stdout] 
[INFO] [stdout] 
[INFO] [stdout] error: declaration of an `unsafe` function
[INFO] [stdout]     --> src/xterm.rs:1993:12
[INFO] [stdout]      |
[INFO] [stdout] 1993 |     pub fn open(this: &Terminal, parent: web_sys::Element);
[INFO] [stdout]      |            ^^^^
[INFO] [stdout] 
[INFO] [stdout] 
[INFO] [stdout] error: declaration of an `unsafe` function
[INFO] [stdout]     --> src/xterm.rs:2001:12
[INFO] [stdout]      |
[INFO] [stdout] 2001 |     pub fn paste(this: &Terminal, data: Str);
[INFO] [stdout]      |            ^^^^^
[INFO] [stdout] 
[INFO] [stdout] 
[INFO] [stdout] error: declaration of an `unsafe` function
[INFO] [stdout]     --> src/xterm.rs:2012:12
[INFO] [stdout]      |
[INFO] [stdout] 2012 |     pub fn refresh(this: &Terminal, start: u16, end: u16);
[INFO] [stdout]      |            ^^^^^^^
[INFO] [stdout] 
[INFO] [stdout] 
[INFO] [stdout] error: declaration of an `unsafe` function
[INFO] [stdout]     --> src/xterm.rs:2065:12
[INFO] [stdout]      |
[INFO] [stdout] 2065 |     pub fn reset(this: &Terminal);
[INFO] [stdout]      |            ^^^^^
[INFO] [stdout] 
[INFO] [stdout] 
[INFO] [stdout] error: declaration of an `unsafe` function
[INFO] [stdout]     --> src/xterm.rs:2072:12
[INFO] [stdout]      |
[INFO] [stdout] 2072 |     pub fn resize(this: &Terminal, columns: u16, rows: u16);
[INFO] [stdout]      |            ^^^^^^
[INFO] [stdout] 
[INFO] [stdout] 
[INFO] [stdout] error: declaration of an `unsafe` function
[INFO] [stdout]     --> src/xterm.rs:2079:12
[INFO] [stdout]      |
[INFO] [stdout] 2079 |     pub fn scroll_lines(this: &Terminal, amount: i32);
[INFO] [stdout]      |            ^^^^^^^^^^^^
[INFO] [stdout] 
[INFO] [stdout] 
[INFO] [stdout] error: declaration of an `unsafe` function
[INFO] [stdout]     --> src/xterm.rs:2086:12
[INFO] [stdout]      |
[INFO] [stdout] 2086 |     pub fn scroll_pages(this: &Terminal, page_count: i32);
[INFO] [stdout]      |            ^^^^^^^^^^^^
[INFO] [stdout] 
[INFO] [stdout] 
[INFO] [stdout] error: declaration of an `unsafe` function
[INFO] [stdout]     --> src/xterm.rs:2090:12
[INFO] [stdout]      |
[INFO] [stdout] 2090 |     pub fn scroll_to_bottom(this: &Terminal);
[INFO] [stdout]      |            ^^^^^^^^^^^^^^^^
[INFO] [stdout] 
[INFO] [stdout] 
[INFO] [stdout] error: declaration of an `unsafe` function
[INFO] [stdout]     --> src/xterm.rs:2097:12
[INFO] [stdout]      |
[INFO] [stdout] 2097 |     pub fn scroll_to_line(this: &Terminal, line: u32);
[INFO] [stdout]      |            ^^^^^^^^^^^^^^
[INFO] [stdout] 
[INFO] [stdout] 
[INFO] [stdout] error: declaration of an `unsafe` function
[INFO] [stdout]     --> src/xterm.rs:2101:12
[INFO] [stdout]      |
[INFO] [stdout] 2101 |     pub fn scroll_to_top(this: &Terminal);
[INFO] [stdout]      |            ^^^^^^^^^^^^^
[INFO] [stdout] 
[INFO] [stdout] 
[INFO] [stdout] error: declaration of an `unsafe` function
[INFO] [stdout]     --> src/xterm.rs:2112:12
[INFO] [stdout]      |
[INFO] [stdout] 2112 |     pub fn select(this: &Terminal, column: u16, row: u32, length: u32);
[INFO] [stdout]      |            ^^^^^^
[INFO] [stdout] 
[INFO] [stdout] 
[INFO] [stdout] error: declaration of an `unsafe` function
[INFO] [stdout]     --> src/xterm.rs:2116:12
[INFO] [stdout]      |
[INFO] [stdout] 2116 |     pub fn select_all(this: &Terminal);
[INFO] [stdout]      |            ^^^^^^^^^^
[INFO] [stdout] 
[INFO] [stdout] 
[INFO] [stdout] error: declaration of an `unsafe` function
[INFO] [stdout]     --> src/xterm.rs:2124:12
[INFO] [stdout]      |
[INFO] [stdout] 2124 |     pub fn select_lines(this: &Terminal, start: u32, end: u32);
[INFO] [stdout]      |            ^^^^^^^^^^^^
[INFO] [stdout] 
[INFO] [stdout] 
[INFO] [stdout] error: declaration of an `unsafe` function
[INFO] [stdout]     --> src/xterm.rs:2223:12
[INFO] [stdout]      |
[INFO] [stdout] 2223 |     pub fn write(this: &Terminal, data: Str);
[INFO] [stdout]      |            ^^^^^
[INFO] [stdout] 
[INFO] [stdout] 
[INFO] [stdout] error: declaration of an `unsafe` function
[INFO] [stdout]     --> src/xterm.rs:2242:12
[INFO] [stdout]      |
[INFO] [stdout] 2242 |     pub fn write_with_callback(
[INFO] [stdout]      |            ^^^^^^^^^^^^^^^^^^^
[INFO] [stdout] 
[INFO] [stdout] 
[INFO] [stdout] error[E0453]: allow(dead_code) incompatible with previous forbid
[INFO] [stdout]    --> src/ext/mod.rs:219:69
[INFO] [stdout]     |
[INFO] [stdout] 219 |   ...                   #[allow(non_upper_case_globals, dead_code)]
[INFO] [stdout]     |                                                         ^^^^^^^^^ overruled by previous forbid
[INFO] [stdout]     |
[INFO] [stdout]    ::: src/lib.rs:19:5
[INFO] [stdout]     |
[INFO] [stdout] 19  |       dead_code,
[INFO] [stdout]     |       --------- `forbid` level set here
[INFO] [stdout]     |
[INFO] [stdout]    ::: src/ext/addon.rs:8:1
[INFO] [stdout]     |
[INFO] [stdout] 8   | / interface! {
[INFO] [stdout] 9   | |     #[allow(clippy::module_name_repetitions)]
[INFO] [stdout] 10  | |     pub trait XtermAddon mirrors TerminalAddon
[INFO] [stdout] 11  | |     where
[INFO] [stdout] ...   |
[INFO] [stdout] 16  | |     }
[INFO] [stdout] 17  | | }
[INFO] [stdout]     | |_- in this macro invocation
[INFO] [stdout]     |
[INFO] [stdout]     = note: this error originates in the macro `interface` (in Nightly builds, run with -Z macro-backtrace for more info)
[INFO] [stdout] 
[INFO] [stdout] 
[INFO] [stdout] error[E0453]: allow(dead_code) incompatible with previous forbid
[INFO] [stdout]    --> src/ext/mod.rs:219:69
[INFO] [stdout]     |
[INFO] [stdout] 219 |   ...                   #[allow(non_upper_case_globals, dead_code)]
[INFO] [stdout]     |                                                         ^^^^^^^^^ overruled by previous forbid
[INFO] [stdout]     |
[INFO] [stdout]    ::: src/lib.rs:19:5
[INFO] [stdout]     |
[INFO] [stdout] 19  |       dead_code,
[INFO] [stdout]     |       --------- `forbid` level set here
[INFO] [stdout]     |
[INFO] [stdout]    ::: src/ext/disposable.rs:14:1
[INFO] [stdout]     |
[INFO] [stdout] 14  | / interface! {
[INFO] [stdout] 15  | |     #[allow(clippy::module_name_repetitions)]
[INFO] [stdout] 16  | |     pub trait XtermDisposable mirrors Disposable {
[INFO] [stdout] 17  | |         /// Disposes of the instance.
[INFO] [stdout] ...   |
[INFO] [stdout] 23  | |     }
[INFO] [stdout] 24  | | }
[INFO] [stdout]     | |_- in this macro invocation
[INFO] [stdout]     |
[INFO] [stdout]     = note: this error originates in the macro `interface` (in Nightly builds, run with -Z macro-backtrace for more info)
[INFO] [stdout] 
[INFO] [stdout] 
[INFO] [stdout] error[E0453]: allow(dead_code) incompatible with previous forbid
[INFO] [stdout]    --> src/ext/mod.rs:219:69
[INFO] [stdout]     |
[INFO] [stdout] 219 |   ...                   #[allow(non_upper_case_globals, dead_code)]
[INFO] [stdout]     |                                                         ^^^^^^^^^ overruled by previous forbid
[INFO] [stdout]     |
[INFO] [stdout]    ::: src/lib.rs:19:5
[INFO] [stdout]     |
[INFO] [stdout] 19  |       dead_code,
[INFO] [stdout]     |       --------- `forbid` level set here
[INFO] [stdout]     |
[INFO] [stdout]    ::: src/ext/unicode.rs:11:1
[INFO] [stdout]     |
[INFO] [stdout] 11  | / interface! {
[INFO] [stdout] 12  | |     pub trait XtermUnicodeVersionProvider mirrors UnicodeVersionProvider {
[INFO] [stdout] 13  | |         /// Gets a string indicating the Unicode version provided.
[INFO] [stdout] 14  | |         fn version(&self) -> Str;
[INFO] [stdout] ...   |
[INFO] [stdout] 18  | |     }
[INFO] [stdout] 19  | | }
[INFO] [stdout]     | |_- in this macro invocation
[INFO] [stdout]     |
[INFO] [stdout]     = note: this error originates in the macro `interface` (in Nightly builds, run with -Z macro-backtrace for more info)
[INFO] [stdout] 
[INFO] [stdout] 
[INFO] [stdout] error: aborting due to 171 previous errors; 2 warnings emitted
[INFO] [stdout] 
[INFO] [stdout] 
[INFO] [stdout] Some errors have detailed explanations: E0425, E0453.
[INFO] [stdout] 
[INFO] [stdout] For more information about an error, try `rustc --explain E0425`.
[INFO] [stdout] 
[INFO] [stderr] error: could not compile `xterm-js-sys` (lib test) due to 172 previous errors; 2 warnings emitted
[INFO] [stderr] warning: build failed, waiting for other jobs to finish...
[INFO] [stdout] error: aborting due to 171 previous errors; 2 warnings emitted
[INFO] [stdout] 
[INFO] [stdout] 
[INFO] [stdout] Some errors have detailed explanations: E0425, E0453.
[INFO] [stdout] 
[INFO] [stdout] For more information about an error, try `rustc --explain E0425`.
[INFO] [stdout] 
[INFO] [stderr] error: could not compile `xterm-js-sys` (lib) due to 172 previous errors; 2 warnings emitted
[INFO] running `Command { std: "docker" "inspect" "c4fcccd9aeed3ccdad07525eae41836afeb7a7684923ffe5f35314146f8b514e", kill_on_drop: false }`
[INFO] running `Command { std: "docker" "rm" "-f" "c4fcccd9aeed3ccdad07525eae41836afeb7a7684923ffe5f35314146f8b514e", kill_on_drop: false }`
[INFO] [stdout] c4fcccd9aeed3ccdad07525eae41836afeb7a7684923ffe5f35314146f8b514e
